CRAN Package Check Results for Package RTextTools

Last updated on 2022-01-28 00:49:07 CET.

Flavor Version Tinstall Tcheck Ttotal Status Flags
r-devel-linux-x86_64-debian-clang 1.4.3 13.01 122.11 135.12 OK
r-devel-linux-x86_64-debian-gcc 1.4.3 11.47 95.61 107.08 OK
r-devel-linux-x86_64-fedora-clang 1.4.3 167.23 NOTE
r-devel-linux-x86_64-fedora-gcc 1.4.3 153.16 NOTE
r-devel-windows-x86_64-new-UL 1.4.3 61.00 148.00 209.00 OK
r-devel-windows-x86_64-new-TK 1.4.3 OK
r-patched-linux-x86_64 1.4.3 14.11 112.04 126.15 OK
r-release-linux-x86_64 1.4.3 11.69 111.52 123.21 OK
r-release-macos-arm64 1.4.3 OK
r-release-macos-x86_64 1.4.3 OK
r-release-windows-ix86+x86_64 1.4.3 38.00 195.00 233.00 OK
r-oldrel-macos-x86_64 1.4.3 OK
r-oldrel-windows-ix86+x86_64 1.4.3 39.00 196.00 235.00 OK

Check Details

Version: 1.4.3
Check: compiled code
Result: NOTE
    File ‘RTextTools/libs/RTextTools.so’:
     Found no calls to: ‘R_registerRoutines’, ‘R_useDynamicSymbols’
    
    It is good practice to register native routines and to disable symbol
    search.
    
    See ‘Writing portable packages’ in the ‘Writing R Extensions’ manual.
Flavors: r-devel-linux-x86_64-fedora-clang, r-devel-linux-x86_64-fedora-gcc