CRAN Package Check Results for Package RTransferEntropy

Last updated on 2021-10-23 00:49:07 CEST.

Flavor Version Tinstall Tcheck Ttotal Status Flags
r-devel-linux-x86_64-debian-clang 0.2.14 29.86 803.43 833.29 OK
r-devel-linux-x86_64-debian-gcc 0.2.14 24.48 511.67 536.15 OK
r-devel-linux-x86_64-fedora-clang 0.2.14 992.24 OK
r-devel-linux-x86_64-fedora-gcc 0.2.14 969.46 OK
r-devel-windows-x86_64 0.2.14 49.00 545.00 594.00 OK
r-devel-windows-x86_64-gcc10-UCRT 0.2.14 FAIL
r-patched-linux-x86_64 0.2.14 30.57 801.03 831.60 OK
r-patched-solaris-x86 0.2.14 147.60 OK
r-release-linux-x86_64 0.2.14 29.69 790.22 819.91 OK
r-release-macos-arm64 0.2.14 OK
r-release-macos-x86_64 0.2.14 OK
r-release-windows-ix86+x86_64 0.2.14 62.00 601.00 663.00 OK
r-oldrel-macos-x86_64 0.2.14 OK
r-oldrel-windows-ix86+x86_64 0.2.14 94.00 598.00 692.00 OK

Check Details

Version: 0.2.14
Check: re-building of vignette outputs
Result: FAIL
Flavor: r-devel-windows-x86_64-gcc10-UCRT