CRAN Package Check Results for Package RUVIIIC

Last updated on 2023-03-26 00:51:55 CET.

Flavor Version Tinstall Tcheck Ttotal Status Flags
r-devel-linux-x86_64-debian-clang 1.0.19 190.47 105.49 295.96 NOTE
r-devel-linux-x86_64-debian-gcc 1.0.19 162.21 86.81 249.02 NOTE
r-devel-linux-x86_64-fedora-gcc 1.0.19 416.20 NOTE
r-devel-windows-x86_64 1.0.19 123.00 155.00 278.00 NOTE
r-patched-linux-x86_64 1.0.19 170.48 106.40 276.88 OK
r-release-linux-x86_64 1.0.19 176.14 105.52 281.66 OK
r-release-macos-arm64 1.0.19 100.00 NOTE
r-release-macos-x86_64 1.0.19 126.00 NOTE
r-release-windows-x86_64 1.0.19 124.00 156.00 280.00 OK
r-oldrel-macos-arm64 1.0.19 105.00 NOTE
r-oldrel-macos-x86_64 1.0.19 170.00 NOTE
r-oldrel-windows-ix86+x86_64 1.0.19 395.00 210.00 605.00 OK

Check Details

Version: 1.0.19
Check: C++ specification
Result: NOTE
     Specified C++11: please drop specification unless essential
Flavors: r-devel-linux-x86_64-debian-clang, r-devel-linux-x86_64-debian-gcc, r-devel-linux-x86_64-fedora-gcc, r-devel-windows-x86_64

Version: 1.0.19
Check: installed package size
Result: NOTE
     installed size is 47.0Mb
     sub-directories of 1Mb or more:
     libs 46.4Mb
Flavors: r-release-macos-arm64, r-release-macos-x86_64, r-oldrel-macos-arm64, r-oldrel-macos-x86_64