Last updated on 2023-03-21 00:50:33 CET.
Flavor | Version | Tinstall | Tcheck | Ttotal | Status | Flags |
---|---|---|---|---|---|---|
r-devel-linux-x86_64-debian-clang | 0.9-81-2 | NOTE | ||||
r-devel-linux-x86_64-debian-gcc | 0.9-81-2 | 17.40 | 104.40 | 121.80 | NOTE | |
r-devel-linux-x86_64-fedora-clang | 0.9-81-2 | 196.84 | NOTE | |||
r-devel-linux-x86_64-fedora-gcc | 0.9-81-2 | 189.37 | NOTE | |||
r-devel-windows-x86_64 | 0.9-81-2 | 167.00 | 215.00 | 382.00 | NOTE | |
r-patched-linux-x86_64 | 0.9-81-2 | 28.02 | 131.94 | 159.96 | NOTE | |
r-release-linux-x86_64 | 0.9-81-2 | 18.04 | 131.17 | 149.21 | NOTE | |
r-release-macos-arm64 | 0.9-81-2 | 47.00 | NOTE | |||
r-release-macos-x86_64 | 0.9-81-2 | 82.00 | NOTE | |||
r-release-windows-x86_64 | 0.9-81-2 | 263.00 | 207.00 | 470.00 | NOTE | |
r-oldrel-macos-arm64 | 0.9-81-2 | 34.00 | NOTE | |||
r-oldrel-macos-x86_64 | 0.9-81-2 | 67.00 | NOTE | |||
r-oldrel-windows-ix86+x86_64 | 0.9-81-2 | 36.00 | 178.00 | 214.00 | NOTE |
Version: 0.9-81-2
Check: package dependencies
Result: NOTE
Package which this enhances but not available for checking: ‘glmmADMB’
Flavors: r-devel-linux-x86_64-debian-clang, r-devel-linux-x86_64-debian-gcc, r-devel-linux-x86_64-fedora-clang, r-devel-linux-x86_64-fedora-gcc, r-devel-windows-x86_64, r-patched-linux-x86_64, r-release-linux-x86_64, r-release-macos-arm64, r-release-macos-x86_64, r-release-windows-x86_64, r-oldrel-macos-arm64, r-oldrel-macos-x86_64, r-oldrel-windows-ix86+x86_64