CRAN Package Check Results for Package RagGrid

Last updated on 2021-10-22 00:50:37 CEST.

Flavor Version Tinstall Tcheck Ttotal Status Flags
r-devel-linux-x86_64-debian-clang 0.2.0 2.85 22.99 25.84 OK
r-devel-linux-x86_64-debian-gcc 0.2.0 2.07 18.24 20.31 OK
r-devel-linux-x86_64-fedora-clang 0.2.0 41.17 NOTE
r-devel-linux-x86_64-fedora-gcc 0.2.0 31.03 NOTE
r-devel-windows-x86_64 0.2.0 5.00 53.00 58.00 OK
r-devel-windows-x86_64-gcc10-UCRT 0.2.0 NOTE
r-patched-linux-x86_64 0.2.0 2.69 22.38 25.07 OK
r-patched-solaris-x86 0.2.0 52.10 NOTE
r-release-linux-x86_64 0.2.0 2.70 22.09 24.79 OK
r-release-macos-arm64 0.2.0 NOTE
r-release-macos-x86_64 0.2.0 NOTE
r-release-windows-ix86+x86_64 0.2.0 4.00 40.00 44.00 OK
r-oldrel-macos-x86_64 0.2.0 NOTE
r-oldrel-windows-ix86+x86_64 0.2.0 7.00 45.00 52.00 OK

Check Details

Version: 0.2.0
Check: dependencies in R code
Result: NOTE
    Namespace in Imports field not imported from: ‘knitr’
     All declared Imports should be used.
Flavors: r-devel-linux-x86_64-fedora-clang, r-devel-linux-x86_64-fedora-gcc, r-devel-windows-x86_64-gcc10-UCRT, r-patched-solaris-x86, r-release-macos-arm64, r-release-macos-x86_64, r-oldrel-macos-x86_64