CRAN Package Check Results for Package RagGrid

Last updated on 2023-10-04 00:58:34 CEST.

Flavor Version Tinstall Tcheck Ttotal Status Flags
r-devel-linux-x86_64-debian-clang 0.2.0 3.12 28.18 31.30 OK
r-devel-linux-x86_64-debian-gcc 0.2.0 2.63 21.99 24.62 OK
r-devel-linux-x86_64-fedora-clang 0.2.0 38.29 NOTE
r-devel-linux-x86_64-fedora-gcc 0.2.0 37.66 NOTE
r-devel-windows-x86_64 0.2.0 5.00 43.00 48.00 OK
r-patched-linux-x86_64 0.2.0 2.28 27.33 29.61 OK
r-release-linux-x86_64 0.2.0 2.55 28.11 30.66 OK
r-release-macos-arm64 0.2.0 19.00 OK
r-release-macos-x86_64 0.2.0 24.00 OK
r-release-windows-x86_64 0.2.0 6.00 44.00 50.00 OK
r-oldrel-macos-arm64 0.2.0 17.00 NOTE
r-oldrel-macos-x86_64 0.2.0 23.00 NOTE
r-oldrel-windows-x86_64 0.2.0 6.00 46.00 52.00 OK

Check Details

Version: 0.2.0
Check: dependencies in R code
Result: NOTE
    Namespace in Imports field not imported from: ‘knitr’
     All declared Imports should be used.
Flavors: r-devel-linux-x86_64-fedora-clang, r-devel-linux-x86_64-fedora-gcc, r-oldrel-macos-arm64, r-oldrel-macos-x86_64