CRAN Package Check Results for Package Ravages

Last updated on 2024-06-14 00:53:55 CEST.

Flavor Version Tinstall Tcheck Ttotal Status Flags
r-devel-linux-x86_64-debian-clang 1.1.3 386.88 170.85 557.73 NOTE
r-devel-linux-x86_64-debian-gcc 1.1.3 0.75 1.86 2.61 ERROR
r-devel-linux-x86_64-fedora-clang 1.1.3 826.19 NOTE
r-devel-linux-x86_64-fedora-gcc 1.1.3 871.89 NOTE
r-devel-windows-x86_64 1.1.3 299.00 216.00 515.00 NOTE
r-patched-linux-x86_64 1.1.3 234.09 180.57 414.66 NOTE
r-release-linux-x86_64 1.1.3 258.81 184.27 443.08 NOTE
r-release-macos-arm64 1.1.3 179.00 NOTE
r-release-macos-x86_64 1.1.3 238.00 NOTE
r-release-windows-x86_64 1.1.3 302.00 237.00 539.00 NOTE
r-oldrel-macos-arm64 1.1.3 218.00 NOTE
r-oldrel-macos-x86_64 1.1.3 349.00 NOTE
r-oldrel-windows-x86_64 1.1.3 374.00 234.00 608.00 NOTE

Check Details

Version: 1.1.3
Check: Rd files
Result: NOTE checkRd: (-1) rbm.haplos.power.Rd:35: Lost braces; missing escapes or markup? 35 | \item{simus.haplos}{ Which method to simulate the data, if \code{simus.haplos="freqs"}, {rbm.haplos.freqs()} is used, otherwise \code{rbm.haplos.thresholds()} is used.} | ^ Flavors: r-devel-linux-x86_64-debian-clang, r-devel-linux-x86_64-fedora-clang, r-devel-linux-x86_64-fedora-gcc, r-devel-windows-x86_64, r-patched-linux-x86_64, r-release-linux-x86_64, r-release-macos-arm64, r-release-macos-x86_64, r-release-windows-x86_64

Version: 1.1.3
Check: package dependencies
Result: ERROR Packages required but not available: 'mlogit', 'dfidx', 'bedr' See section ‘The DESCRIPTION file’ in the ‘Writing R Extensions’ manual. Flavor: r-devel-linux-x86_64-debian-gcc

Version: 1.1.3
Check: installed package size
Result: NOTE installed size is 5.6Mb sub-directories of 1Mb or more: data 3.9Mb Flavors: r-devel-linux-x86_64-fedora-clang, r-devel-windows-x86_64, r-release-macos-arm64, r-release-macos-x86_64, r-release-windows-x86_64, r-oldrel-macos-arm64, r-oldrel-macos-x86_64, r-oldrel-windows-x86_64