CRAN Package Check Results for Package RclusTool

Last updated on 2024-06-14 00:53:55 CEST.

Flavor Version Tinstall Tcheck Ttotal Status Flags
r-devel-linux-x86_64-debian-clang 0.91.6 29.13 210.32 239.45 OK
r-devel-linux-x86_64-debian-gcc 0.91.6 0.75 1.77 2.52 ERROR
r-devel-linux-x86_64-fedora-clang 0.91.6 303.93 NOTE
r-devel-linux-x86_64-fedora-gcc 0.91.6 287.52 OK
r-devel-windows-x86_64 0.91.6 22.00 276.00 298.00 OK
r-patched-linux-x86_64 0.91.6 18.89 204.73 223.62 OK
r-release-linux-x86_64 0.91.6 27.34 198.92 226.26 OK
r-release-macos-arm64 0.91.6 132.00 OK
r-release-macos-x86_64 0.91.6 131.00 OK
r-release-windows-x86_64 0.91.6 22.00 163.00 185.00 OK
r-oldrel-macos-arm64 0.91.6 81.00 OK
r-oldrel-macos-x86_64 0.91.6 104.00 OK
r-oldrel-windows-x86_64 0.91.6 25.00 207.00 232.00 OK

Check Details

Version: 0.91.6
Check: package dependencies
Result: ERROR Packages required but not available: 'factoextra', 'FactoMineR', 'ggplot2', 'stringr' See section ‘The DESCRIPTION file’ in the ‘Writing R Extensions’ manual. Flavor: r-devel-linux-x86_64-debian-gcc

Version: 0.91.6
Check: package dependencies
Result: NOTE Imports includes 23 non-default packages. Importing from so many packages makes the package vulnerable to any of them becoming unavailable. Move as many as possible to Suggests and use conditionally. Flavor: r-devel-linux-x86_64-fedora-clang