Last updated on 2023-05-29 00:59:42 CEST.
Flavor | Version | Tinstall | Tcheck | Ttotal | Status | Flags |
---|---|---|---|---|---|---|
r-devel-linux-x86_64-debian-clang | 0.91.5 | 22.38 | 192.02 | 214.40 | OK | |
r-devel-linux-x86_64-debian-gcc | 0.91.5 | 18.60 | 139.91 | 158.51 | OK | |
r-devel-linux-x86_64-fedora-clang | 0.91.5 | 277.58 | NOTE | |||
r-devel-linux-x86_64-fedora-gcc | 0.91.5 | 282.59 | OK | |||
r-devel-windows-x86_64 | 0.91.5 | 32.00 | 336.00 | 368.00 | OK | |
r-patched-linux-x86_64 | 0.91.5 | 22.82 | 179.68 | 202.50 | OK | |
r-release-linux-x86_64 | 0.91.5 | 21.74 | 180.31 | 202.05 | OK | |
r-release-macos-arm64 | 0.91.5 | 85.00 | OK | |||
r-release-macos-x86_64 | 0.91.5 | 142.00 | OK | |||
r-release-windows-x86_64 | 0.91.5 | 30.00 | 211.00 | 241.00 | OK | |
r-oldrel-macos-arm64 | 0.91.5 | 69.00 | OK | |||
r-oldrel-macos-x86_64 | 0.91.5 | 159.00 | OK | |||
r-oldrel-windows-x86_64 | 0.91.5 | 30.00 | 177.00 | 207.00 | OK |
Version: 0.91.5
Check: package dependencies
Result: NOTE
Imports includes 23 non-default packages.
Importing from so many packages makes the package vulnerable to any of
them becoming unavailable. Move as many as possible to Suggests and
use conditionally.
Flavor: r-devel-linux-x86_64-fedora-clang