CRAN Package Check Results for Package RcmdrPlugin.BiclustGUI

Last updated on 2019-01-19 00:46:39 CET.

Flavor Version Tinstall Tcheck Ttotal Status Flags
r-devel-linux-x86_64-debian-clang 1.1.1 37.82 317.63 355.45 NOTE
r-devel-linux-x86_64-debian-gcc 1.1.1 27.94 242.09 270.03 NOTE
r-devel-linux-x86_64-fedora-clang 1.1.1 436.33 NOTE
r-devel-linux-x86_64-fedora-gcc 1.1.1 408.09 NOTE
r-devel-windows-ix86+x86_64 1.1.1 92.00 424.00 516.00 NOTE
r-patched-linux-x86_64 1.1.1 31.62 289.69 321.31 NOTE
r-patched-solaris-x86 1.1.1 570.90 NOTE
r-release-linux-x86_64 1.1.1 32.56 286.89 319.45 NOTE
r-release-windows-ix86+x86_64 1.1.1 85.00 430.00 515.00 NOTE
r-release-osx-x86_64 1.1.1 NOTE
r-oldrel-windows-ix86+x86_64 1.1.1 78.00 409.00 487.00 NOTE
r-oldrel-osx-x86_64 1.1.1 NOTE

Check Details

Version: 1.1.1
Check: package dependencies
Result: NOTE
    Depends: includes the non-default packages:
     'biclust', 'fabia', 'iBBiG', 'superbiclust', 'BcDiag', 'rqubic',
     'BicARE', 's4vd', 'BiBitR'
    Adding so many packages to the search path is excessive and importing
    selectively is preferable.
Flavors: r-devel-linux-x86_64-debian-clang, r-devel-linux-x86_64-debian-gcc, r-devel-linux-x86_64-fedora-clang, r-devel-linux-x86_64-fedora-gcc, r-devel-windows-ix86+x86_64

Version: 1.1.1
Check: package dependencies
Result: NOTE
    Depends: includes the non-default packages:
     ‘biclust’ ‘fabia’ ‘iBBiG’ ‘superbiclust’ ‘BcDiag’ ‘rqubic’ ‘BicARE’
     ‘s4vd’ ‘BiBitR’
    Adding so many packages to the search path is excessive and importing
    selectively is preferable.
Flavors: r-patched-linux-x86_64, r-patched-solaris-x86, r-release-linux-x86_64, r-release-windows-ix86+x86_64, r-release-osx-x86_64, r-oldrel-windows-ix86+x86_64, r-oldrel-osx-x86_64