CRAN Package Check Results for Package RcmdrPlugin.BiclustGUI

Last updated on 2018-01-22 00:47:16 CET.

Flavor Version Tinstall Tcheck Ttotal Status Flags
r-devel-linux-x86_64-debian-clang 1.1.1 17.79 251.06 268.85 NOTE
r-devel-linux-x86_64-debian-gcc 1.1.1 16.28 213.83 230.11 NOTE
r-devel-windows-ix86+x86_64 1.1.1 57.00 276.00 333.00 NOTE
r-patched-linux-x86_64 1.1.1 19.18 298.40 317.58 NOTE
r-patched-solaris-x86 1.1.1 573.60 NOTE
r-release-linux-x86_64 1.1.1 19.53 295.00 314.53 NOTE
r-release-windows-ix86+x86_64 1.1.1 80.00 314.00 394.00 NOTE
r-release-osx-x86_64 1.1.1 ERROR
r-oldrel-windows-ix86+x86_64 1.1.1 72.00 410.00 482.00 NOTE
r-oldrel-osx-x86_64 1.1.1 NOTE

Check Details

Version: 1.1.1
Check: package dependencies
Result: NOTE
    Depends: includes the non-default packages:
     ‘biclust’ ‘fabia’ ‘iBBiG’ ‘superbiclust’ ‘BcDiag’ ‘rqubic’ ‘BicARE’
     ‘s4vd’ ‘BiBitR’
    Adding so many packages to the search path is excessive and importing
    selectively is preferable.
Flavors: r-devel-linux-x86_64-debian-clang, r-devel-linux-x86_64-debian-gcc, r-devel-windows-ix86+x86_64, r-patched-linux-x86_64, r-patched-solaris-x86, r-release-linux-x86_64, r-release-windows-ix86+x86_64, r-oldrel-windows-ix86+x86_64, r-oldrel-osx-x86_64

Version: 1.1.1
Check: package dependencies
Result: ERROR
    Packages required but not available:
     ‘fabia’ ‘iBBiG’ ‘superbiclust’ ‘BcDiag’ ‘rqubic’ ‘BicARE’
    
    Depends: includes the non-default packages:
     ‘biclust’ ‘fabia’ ‘iBBiG’ ‘superbiclust’ ‘BcDiag’ ‘rqubic’ ‘BicARE’
     ‘s4vd’ ‘BiBitR’
    Adding so many packages to the search path is excessive and importing
    selectively is preferable.
    
    See section ‘The DESCRIPTION file’ in the ‘Writing R Extensions’
    manual.
Flavor: r-release-osx-x86_64