CRAN Package Check Results for Package RcmdrPlugin.BiclustGUI

Last updated on 2018-10-18 00:48:23 CEST.

Flavor Version Tinstall Tcheck Ttotal Status Flags
r-devel-linux-x86_64-debian-clang 1.1.1 39.18 344.52 383.70 NOTE
r-devel-linux-x86_64-debian-gcc 1.1.1 31.34 271.21 302.55 NOTE
r-devel-linux-x86_64-fedora-clang 1.1.1 455.01 NOTE
r-devel-linux-x86_64-fedora-gcc 1.1.1 455.97 NOTE
r-devel-windows-ix86+x86_64 1.1.1 90.00 498.00 588.00 NOTE
r-patched-linux-x86_64 1.1.1 30.79 288.53 319.32 NOTE
r-patched-solaris-x86 1.1.1 588.60 NOTE
r-release-linux-x86_64 1.1.1 30.62 288.89 319.51 NOTE
r-release-windows-ix86+x86_64 1.1.1 95.00 421.00 516.00 NOTE
r-release-osx-x86_64 1.1.1 NOTE
r-oldrel-windows-ix86+x86_64 1.1.1 69.00 400.00 469.00 NOTE
r-oldrel-osx-x86_64 1.1.1 NOTE

Check Details

Version: 1.1.1
Check: package dependencies
Result: NOTE
    Depends: includes the non-default packages:
     'biclust', 'fabia', 'iBBiG', 'superbiclust', 'BcDiag', 'rqubic',
     'BicARE', 's4vd', 'BiBitR'
    Adding so many packages to the search path is excessive and importing
    selectively is preferable.
Flavors: r-devel-linux-x86_64-debian-clang, r-devel-linux-x86_64-debian-gcc, r-devel-linux-x86_64-fedora-clang, r-devel-linux-x86_64-fedora-gcc, r-devel-windows-ix86+x86_64

Version: 1.1.1
Check: package dependencies
Result: NOTE
    Depends: includes the non-default packages:
     ‘biclust’ ‘fabia’ ‘iBBiG’ ‘superbiclust’ ‘BcDiag’ ‘rqubic’ ‘BicARE’
     ‘s4vd’ ‘BiBitR’
    Adding so many packages to the search path is excessive and importing
    selectively is preferable.
Flavors: r-patched-linux-x86_64, r-patched-solaris-x86, r-release-linux-x86_64, r-release-windows-ix86+x86_64, r-release-osx-x86_64, r-oldrel-windows-ix86+x86_64, r-oldrel-osx-x86_64