CRAN Package Check Results for Package RcmdrPlugin.BiclustGUI

Last updated on 2018-07-18 00:50:03 CEST.

Flavor Version Tinstall Tcheck Ttotal Status Flags
r-devel-linux-x86_64-debian-clang 1.1.1 38.17 341.57 379.74 NOTE
r-devel-linux-x86_64-debian-gcc 1.1.1 30.67 266.92 297.59 NOTE
r-devel-linux-x86_64-fedora-clang 1.1.1 450.54 NOTE
r-devel-linux-x86_64-fedora-gcc 1.1.1 448.34 NOTE
r-devel-windows-ix86+x86_64 1.1.1 108.00 524.00 632.00 NOTE
r-patched-linux-x86_64 1.1.1 32.70 289.51 322.21 NOTE
r-patched-solaris-x86 1.1.1 571.70 NOTE
r-release-linux-x86_64 1.1.1 29.93 290.81 320.74 NOTE
r-release-windows-ix86+x86_64 1.1.1 90.00 485.00 575.00 NOTE
r-release-osx-x86_64 1.1.1 NOTE
r-oldrel-windows-ix86+x86_64 1.1.1 69.00 445.00 514.00 NOTE
r-oldrel-osx-x86_64 1.1.1 NOTE

Check Details

Version: 1.1.1
Check: package dependencies
Result: NOTE
    Depends: includes the non-default packages:
     ‘biclust’ ‘fabia’ ‘iBBiG’ ‘superbiclust’ ‘BcDiag’ ‘rqubic’ ‘BicARE’
     ‘s4vd’ ‘BiBitR’
    Adding so many packages to the search path is excessive and importing
    selectively is preferable.
Flavors: r-devel-linux-x86_64-debian-clang, r-devel-linux-x86_64-debian-gcc, r-devel-linux-x86_64-fedora-clang, r-devel-linux-x86_64-fedora-gcc, r-devel-windows-ix86+x86_64, r-patched-linux-x86_64, r-patched-solaris-x86, r-release-linux-x86_64, r-release-windows-ix86+x86_64, r-release-osx-x86_64, r-oldrel-windows-ix86+x86_64, r-oldrel-osx-x86_64