CRAN Package Check Results for Package RcmdrPlugin.BiclustGUI

Last updated on 2018-04-23 00:47:01 CEST.

Flavor Version Tinstall Tcheck Ttotal Status Flags
r-devel-linux-x86_64-debian-clang 1.1.1 30.13 254.10 284.23 NOTE
r-devel-linux-x86_64-debian-gcc 1.1.1 26.62 216.90 243.52 NOTE
r-devel-linux-x86_64-fedora-clang 1.1.1 389.54 NOTE
r-devel-linux-x86_64-fedora-gcc 1.1.1 383.09 NOTE
r-devel-windows-ix86+x86_64 1.1.1 87.00 289.00 376.00 NOTE
r-devel-osx-x86_64 1.1.1 NOTE
r-patched-linux-x86_64 1.1.1 29.16 272.31 301.47 NOTE
r-patched-solaris-x86 1.1.1 568.00 NOTE
r-release-linux-x86_64 1.1.1 21.72 292.01 313.73 NOTE
r-release-windows-ix86+x86_64 1.1.1 65.00 289.00 354.00 NOTE
r-release-osx-x86_64 1.1.1 NOTE
r-oldrel-windows-ix86+x86_64 1.1.1 66.00 290.00 356.00 NOTE

Check Details

Version: 1.1.1
Check: package dependencies
Result: NOTE
    Depends: includes the non-default packages:
     ‘biclust’ ‘fabia’ ‘iBBiG’ ‘superbiclust’ ‘BcDiag’ ‘rqubic’ ‘BicARE’
     ‘s4vd’ ‘BiBitR’
    Adding so many packages to the search path is excessive and importing
    selectively is preferable.
Flavors: r-devel-linux-x86_64-debian-clang, r-devel-linux-x86_64-debian-gcc, r-devel-linux-x86_64-fedora-clang, r-devel-linux-x86_64-fedora-gcc, r-devel-windows-ix86+x86_64, r-devel-osx-x86_64, r-patched-linux-x86_64, r-patched-solaris-x86, r-release-linux-x86_64, r-release-windows-ix86+x86_64, r-release-osx-x86_64, r-oldrel-windows-ix86+x86_64