Last updated on 2023-10-04 00:58:35 CEST.
Flavor | Version | Tinstall | Tcheck | Ttotal | Status | Flags |
---|---|---|---|---|---|---|
r-devel-linux-x86_64-debian-clang | 1.0.2 | 20.13 | 155.71 | 175.84 | NOTE | |
r-devel-linux-x86_64-debian-gcc | 1.0.2 | 14.91 | 112.19 | 127.10 | NOTE | |
r-devel-linux-x86_64-fedora-clang | 1.0.2 | 221.54 | NOTE | |||
r-devel-linux-x86_64-fedora-gcc | 1.0.2 | 212.36 | NOTE | |||
r-devel-windows-x86_64 | 1.0.2 | 32.00 | 246.00 | 278.00 | NOTE | |
r-patched-linux-x86_64 | 1.0.2 | 21.83 | 141.08 | 162.91 | NOTE | |
r-release-linux-x86_64 | 1.0.2 | 19.55 | 147.06 | 166.61 | NOTE | |
r-release-macos-arm64 | 1.0.2 | 68.00 | NOTE | |||
r-release-macos-x86_64 | 1.0.2 | 111.00 | NOTE | |||
r-release-windows-x86_64 | 1.0.2 | 26.00 | 170.00 | 196.00 | NOTE | |
r-oldrel-macos-arm64 | 1.0.2 | 62.00 | NOTE | |||
r-oldrel-macos-x86_64 | 1.0.2 | 137.00 | NOTE | |||
r-oldrel-windows-x86_64 | 1.0.2 | 24.00 | 165.00 | 189.00 | NOTE |
Version: 1.0.2
Check: LazyData
Result: NOTE
'LazyData' is specified without a 'data' directory
Flavors: r-devel-linux-x86_64-debian-clang, r-devel-linux-x86_64-debian-gcc, r-devel-linux-x86_64-fedora-clang, r-devel-linux-x86_64-fedora-gcc, r-devel-windows-x86_64, r-patched-linux-x86_64, r-release-linux-x86_64, r-release-macos-arm64, r-release-macos-x86_64, r-release-windows-x86_64, r-oldrel-macos-arm64, r-oldrel-macos-x86_64, r-oldrel-windows-x86_64