CRAN Package Check Results for Package RcppAPT

Last updated on 2024-06-24 00:50:18 CEST.

Flavor Version Tinstall Tcheck Ttotal Status Flags
r-devel-linux-x86_64-debian-clang 0.0.9 55.20 44.38 99.58 NOTE
r-devel-linux-x86_64-debian-gcc 0.0.9 35.15 34.01 69.16 NOTE
r-devel-windows-x86_64 0.0.9 39.00 110.00 149.00 NOTE
r-patched-linux-x86_64 0.0.9 44.67 43.71 88.38 NOTE
r-release-linux-x86_64 0.0.9 47.52 44.31 91.83 NOTE
r-release-macos-arm64 0.0.9 35.00 NOTE
r-release-macos-x86_64 0.0.9 52.00 NOTE
r-release-windows-x86_64 0.0.9 40.00 102.00 142.00 NOTE
r-oldrel-macos-arm64 0.0.9 39.00 NOTE
r-oldrel-macos-x86_64 0.0.9 61.00 NOTE
r-oldrel-windows-x86_64 0.0.9 45.00 77.00 122.00 NOTE

Check Details

Version: 0.0.9
Check: C++ specification
Result: NOTE Specified C++11: please drop specification unless essential Flavors: r-devel-linux-x86_64-debian-clang, r-devel-linux-x86_64-debian-gcc, r-devel-windows-x86_64, r-patched-linux-x86_64, r-release-linux-x86_64, r-release-macos-arm64, r-release-macos-x86_64, r-release-windows-x86_64, r-oldrel-macos-arm64, r-oldrel-macos-x86_64, r-oldrel-windows-x86_64