CRAN Package Check Results for Package RcppCGAL

Last updated on 2024-06-13 00:55:28 CEST.

Flavor Version Tinstall Tcheck Ttotal Status Flags
r-devel-linux-x86_64-debian-clang 5.6.3 13.74 34.62 48.36 OK
r-devel-linux-x86_64-debian-gcc 5.6.3 4.44 26.65 31.09 ERROR
r-devel-linux-x86_64-fedora-clang 5.6.3 59.41 NOTE
r-devel-linux-x86_64-fedora-gcc 5.6.3 68.73 OK
r-devel-windows-x86_64 5.6.3 36.00 62.00 98.00 NOTE
r-patched-linux-x86_64 5.6.3 13.20 33.71 46.91 OK
r-release-linux-x86_64 5.6.3 13.30 33.63 46.93 OK
r-release-macos-arm64 5.6.3 53.00 NOTE
r-release-macos-x86_64 5.6.3 70.00 NOTE
r-release-windows-x86_64 5.6.3 39.00 87.00 126.00 NOTE
r-oldrel-macos-arm64 5.6.3 63.00 NOTE
r-oldrel-macos-x86_64 5.6.3 116.00 NOTE
r-oldrel-windows-x86_64 5.6.3 41.00 52.00 93.00 NOTE

Check Details

Version: 5.6.3
Check: package dependencies
Result: NOTE Package suggested but not available for checking: ‘testthat’ Flavor: r-devel-linux-x86_64-debian-gcc

Version: 5.6.3
Check: tests
Result: ERROR Running ‘spelling.R’ [0s/0s] Running ‘testthat.R’ [0s/0s] Running the tests in ‘tests/testthat.R’ failed. Complete output: > # This file is part of the standard setup for testthat. > # It is recommended that you do not modify it. > # > # Where should you do additional test configuration? > # Learn more about the roles of various files in: > # * https://r-pkgs.org/testing-design.html#sec-tests-files-overview > # * https://testthat.r-lib.org/articles/special-files.html > > library(testthat) Error in library(testthat) : there is no package called 'testthat' Execution halted Flavor: r-devel-linux-x86_64-debian-gcc

Version: 5.6.3
Check: installed package size
Result: NOTE installed size is 46.8Mb sub-directories of 1Mb or more: include 46.6Mb Flavors: r-devel-linux-x86_64-fedora-clang, r-devel-windows-x86_64, r-release-macos-arm64, r-release-macos-x86_64, r-release-windows-x86_64, r-oldrel-macos-arm64, r-oldrel-macos-x86_64, r-oldrel-windows-x86_64