Last updated on 2023-05-30 00:59:54 CEST.
Flavor | Version | Tinstall | Tcheck | Ttotal | Status | Flags |
---|---|---|---|---|---|---|
r-devel-linux-x86_64-debian-clang | 0.2 | 18.71 | 34.47 | 53.18 | NOTE | |
r-devel-linux-x86_64-debian-gcc | 0.2 | 12.52 | 27.14 | 39.66 | NOTE | |
r-devel-linux-x86_64-fedora-clang | 0.2 | 75.64 | NOTE | |||
r-devel-linux-x86_64-fedora-gcc | 0.2 | 86.17 | NOTE | |||
r-devel-windows-x86_64 | 0.2 | 14.00 | 77.00 | 91.00 | NOTE | |
r-patched-linux-x86_64 | 0.2 | 13.95 | 33.39 | 47.34 | NOTE | |
r-release-linux-x86_64 | 0.2 | 14.82 | 33.77 | 48.59 | NOTE | |
r-release-macos-arm64 | 0.2 | 29.00 | NOTE | |||
r-release-macos-x86_64 | 0.2 | 42.00 | NOTE | |||
r-release-windows-x86_64 | 0.2 | 21.00 | 80.00 | 101.00 | NOTE | |
r-oldrel-macos-arm64 | 0.2 | 27.00 | OK | |||
r-oldrel-macos-x86_64 | 0.2 | 36.00 | OK | |||
r-oldrel-windows-x86_64 | 0.2 | 20.00 | 77.00 | 97.00 | OK |
Version: 0.2
Check: C++ specification
Result: NOTE
Specified C++11: please drop specification unless essential
Flavors: r-devel-linux-x86_64-debian-clang, r-devel-linux-x86_64-debian-gcc, r-devel-linux-x86_64-fedora-clang, r-devel-linux-x86_64-fedora-gcc, r-devel-windows-x86_64, r-patched-linux-x86_64, r-release-linux-x86_64, r-release-macos-arm64, r-release-macos-x86_64, r-release-windows-x86_64