CRAN Package Check Results for Package RcppNumerical

Last updated on 2021-10-28 00:48:56 CEST.

Flavor Version Tinstall Tcheck Ttotal Status Flags
r-devel-linux-x86_64-debian-clang 0.4-0 30.81 140.75 171.56 NOTE
r-devel-linux-x86_64-debian-gcc 0.4-0 31.06 112.37 143.43 NOTE
r-devel-linux-x86_64-fedora-clang 0.4-0 246.93 NOTE
r-devel-linux-x86_64-fedora-gcc 0.4-0 240.12 NOTE
r-devel-windows-x86_64 0.4-0 52.00 212.00 264.00 NOTE
r-devel-windows-x86_64-gcc10-UCRT 0.4-0 NOTE
r-patched-linux-x86_64 0.4-0 37.78 142.18 179.96 NOTE
r-patched-solaris-x86 0.4-0 227.20 NOTE
r-release-linux-x86_64 0.4-0 37.09 144.21 181.30 NOTE
r-release-macos-arm64 0.4-0 NOTE
r-release-macos-x86_64 0.4-0 NOTE
r-release-windows-ix86+x86_64 0.4-0 71.00 204.00 275.00 NOTE
r-oldrel-macos-x86_64 0.4-0 NOTE
r-oldrel-windows-ix86+x86_64 0.4-0 71.00 212.00 283.00 OK

Check Details

Version: 0.4-0
Check: LazyData
Result: NOTE
     'LazyData' is specified without a 'data' directory
Flavors: r-devel-linux-x86_64-debian-clang, r-devel-linux-x86_64-debian-gcc, r-devel-linux-x86_64-fedora-clang, r-devel-linux-x86_64-fedora-gcc, r-devel-windows-x86_64, r-devel-windows-x86_64-gcc10-UCRT, r-patched-linux-x86_64, r-patched-solaris-x86, r-release-linux-x86_64, r-release-macos-arm64, r-release-macos-x86_64, r-release-windows-ix86+x86_64

Version: 0.4-0
Check: installed package size
Result: NOTE
     installed size is 6.1Mb
     sub-directories of 1Mb or more:
     libs 5.7Mb
Flavors: r-release-macos-arm64, r-release-macos-x86_64, r-oldrel-macos-x86_64