CRAN Package Check Results for Package RcppNumerical

Last updated on 2023-11-29 00:50:30 CET.

Flavor Version Tinstall Tcheck Ttotal Status Flags
r-devel-linux-x86_64-debian-clang 0.6-0 42.90 162.63 205.53 OK
r-devel-linux-x86_64-debian-gcc 0.6-0 28.57 118.78 147.35 OK
r-devel-linux-x86_64-fedora-clang 0.6-0 245.02 OK
r-devel-linux-x86_64-fedora-gcc 0.6-0 310.13 OK
r-devel-windows-x86_64 0.6-0 37.00 196.00 233.00 OK
r-patched-linux-x86_64 0.6-0 37.46 161.60 199.06 OK
r-release-linux-x86_64 0.6-0 43.04 158.69 201.73 OK
r-release-macos-arm64 0.6-0 101.00 NOTE
r-release-macos-x86_64 0.6-0 144.00 NOTE
r-release-windows-x86_64 0.6-0 47.00 215.00 262.00 OK
r-oldrel-macos-arm64 0.6-0 72.00 NOTE
r-oldrel-macos-x86_64 0.6-0 96.00 NOTE
r-oldrel-windows-x86_64 0.6-0 46.00 230.00 276.00 OK

Check Details

Version: 0.6-0
Check: installed package size
Result: NOTE installed size is 6.4Mb sub-directories of 1Mb or more: libs 5.8Mb Flavors: r-release-macos-arm64, r-release-macos-x86_64, r-oldrel-macos-arm64, r-oldrel-macos-x86_64