CRAN Package Check Results for Package Rcsdp

Last updated on 2021-10-19 00:49:28 CEST.

Flavor Version Tinstall Tcheck Ttotal Status Flags
r-devel-linux-x86_64-debian-clang 0.1.57.1 13.74 26.86 40.60 WARN
r-devel-linux-x86_64-debian-gcc 0.1.57.1 7.89 20.87 28.76 WARN
r-devel-linux-x86_64-fedora-clang 0.1.57.1 59.01 WARN
r-devel-linux-x86_64-fedora-gcc 0.1.57.1 47.61 WARN
r-devel-windows-x86_64 0.1.57.1 18.00 44.00 62.00 OK
r-devel-windows-x86_64-gcc10-UCRT 0.1.57.1 OK
r-patched-linux-x86_64 0.1.57.1 10.17 25.98 36.15 WARN
r-patched-solaris-x86 0.1.57.1 82.10 OK
r-release-linux-x86_64 0.1.57.1 9.81 25.89 35.70 WARN
r-release-macos-arm64 0.1.57.1 OK
r-release-macos-x86_64 0.1.57.1 OK
r-release-windows-ix86+x86_64 0.1.57.1 33.00 52.00 85.00 OK
r-oldrel-macos-x86_64 0.1.57.1 OK
r-oldrel-windows-ix86+x86_64 0.1.57.1 24.00 47.00 71.00 OK

Check Details

Version: 0.1.57.1
Check: top-level files
Result: WARN
     Output from running autoreconf:
     configure.ac:99: warning: AC_OUTPUT should be used without arguments.
     configure.ac:99: You should run autoupdate.
Flavors: r-devel-linux-x86_64-debian-clang, r-devel-linux-x86_64-debian-gcc, r-patched-linux-x86_64, r-release-linux-x86_64

Version: 0.1.57.1
Check: top-level files
Result: WARN
     Output from running autoreconf:
     configure.ac:99: warning: AC_OUTPUT should be used without arguments.
     configure.ac:99: You should run autoupdate.
     configure.ac:99: warning: AC_OUTPUT should be used without arguments.
     configure.ac:99: You should run autoupdate.
Flavors: r-devel-linux-x86_64-fedora-clang, r-devel-linux-x86_64-fedora-gcc