CRAN Package Check Results for Package Rdimtools

Last updated on 2021-12-06 00:48:39 CET.

Flavor Version Tinstall Tcheck Ttotal Status Flags
r-devel-linux-x86_64-debian-clang 1.0.8 278.08 234.29 512.37 OK
r-devel-linux-x86_64-debian-gcc 1.0.8 206.34 178.31 384.65 OK
r-devel-linux-x86_64-fedora-clang 1.0.8 724.26 NOTE
r-devel-linux-x86_64-fedora-gcc 1.0.8 658.11 OK
r-devel-windows-x86_64-new-UL 1.0.8 342.00 349.00 691.00 NOTE
r-devel-windows-x86_64-new-TK 1.0.8 OK
r-devel-windows-x86_64-old 1.0.8 340.00 237.00 577.00 NOTE
r-patched-linux-x86_64 1.0.8 245.86 218.18 464.04 OK
r-release-linux-x86_64 1.0.8 236.77 226.70 463.47 OK
r-release-macos-arm64 1.0.8 NOTE
r-release-macos-x86_64 1.0.8 NOTE
r-release-windows-ix86+x86_64 1.0.8 637.00 413.00 1050.00 NOTE
r-oldrel-macos-x86_64 1.0.8 NOTE
r-oldrel-windows-ix86+x86_64 1.0.8 630.00 407.00 1037.00 NOTE

Check Details

Version: 1.0.8
Check: installed package size
Result: NOTE
     installed size is 21.4Mb
     sub-directories of 1Mb or more:
     data 1.9Mb
     libs 17.8Mb
Flavors: r-devel-linux-x86_64-fedora-clang, r-devel-windows-x86_64-new-UL, r-devel-windows-x86_64-old, r-release-macos-arm64, r-release-macos-x86_64, r-release-windows-ix86+x86_64, r-oldrel-macos-x86_64, r-oldrel-windows-ix86+x86_64

Version: 1.0.8
Check: Rd cross-references
Result: NOTE
    Undeclared package ‘Rtsne’ in Rd xrefs
Flavor: r-devel-linux-x86_64-fedora-clang