CRAN Package Check Results for Package ReacTran

Last updated on 2024-06-20 00:59:42 CEST.

Flavor Version Tinstall Tcheck Ttotal Status Flags
r-devel-linux-x86_64-debian-clang 1.4.3.1 13.74 86.14 99.88 NOTE
r-devel-linux-x86_64-debian-gcc 1.4.3.1 10.55 62.44 72.99 NOTE
r-devel-linux-x86_64-fedora-clang 1.4.3.1 122.37 NOTE
r-devel-linux-x86_64-fedora-gcc 1.4.3.1 128.73 NOTE
r-devel-windows-x86_64 1.4.3.1 12.00 120.00 132.00 NOTE
r-patched-linux-x86_64 1.4.3.1 15.47 81.56 97.03 NOTE
r-release-linux-x86_64 1.4.3.1 12.01 79.85 91.86 NOTE
r-release-macos-arm64 1.4.3.1 40.00 NOTE
r-release-macos-x86_64 1.4.3.1 63.00 NOTE
r-release-windows-x86_64 1.4.3.1 11.00 126.00 137.00 NOTE
r-oldrel-macos-arm64 1.4.3.1 42.00 NOTE
r-oldrel-macos-x86_64 1.4.3.1 80.00 NOTE
r-oldrel-windows-x86_64 1.4.3.1 11.00 109.00 120.00 NOTE

Check Details

Version: 1.4.3.1
Check: LazyData
Result: NOTE 'LazyData' is specified without a 'data' directory Flavors: r-devel-linux-x86_64-debian-clang, r-devel-linux-x86_64-debian-gcc, r-devel-linux-x86_64-fedora-clang, r-devel-linux-x86_64-fedora-gcc, r-devel-windows-x86_64, r-patched-linux-x86_64, r-release-linux-x86_64, r-release-macos-arm64, r-release-macos-x86_64, r-release-windows-x86_64, r-oldrel-macos-arm64, r-oldrel-macos-x86_64, r-oldrel-windows-x86_64