CRAN Package Check Results for Package ReadDIM

Last updated on 2021-10-19 00:49:28 CEST.

Flavor Version Tinstall Tcheck Ttotal Status Flags
r-devel-linux-x86_64-debian-clang 0.2.10 23.66 207.19 230.85 NOTE
r-devel-linux-x86_64-debian-gcc 0.2.10 18.20 154.13 172.33 NOTE
r-devel-linux-x86_64-fedora-clang 0.2.10 282.40 NOTE
r-devel-linux-x86_64-fedora-gcc 0.2.10 275.72 NOTE
r-devel-windows-x86_64 0.2.10 33.00 225.00 258.00 NOTE
r-devel-windows-x86_64-gcc10-UCRT 0.2.10 NOTE
r-patched-linux-x86_64 0.2.10 23.08 200.40 223.48 NOTE
r-patched-solaris-x86 0.2.10 169.40 NOTE
r-release-linux-x86_64 0.2.10 21.62 199.42 221.04 NOTE
r-release-macos-arm64 0.2.10 NOTE
r-release-macos-x86_64 0.2.10 NOTE
r-release-windows-ix86+x86_64 0.2.10 38.00 225.00 263.00 NOTE
r-oldrel-macos-x86_64 0.2.10 OK
r-oldrel-windows-ix86+x86_64 0.2.10 21.00 103.00 124.00 OK

Check Details

Version: 0.2.10
Check: LazyData
Result: NOTE
     'LazyData' is specified without a 'data' directory
Flavors: r-devel-linux-x86_64-debian-clang, r-devel-linux-x86_64-debian-gcc, r-devel-linux-x86_64-fedora-clang, r-devel-linux-x86_64-fedora-gcc, r-devel-windows-x86_64, r-devel-windows-x86_64-gcc10-UCRT, r-patched-linux-x86_64, r-patched-solaris-x86, r-release-linux-x86_64, r-release-macos-arm64, r-release-macos-x86_64, r-release-windows-ix86+x86_64