CRAN Package Check Results for Package Recon

Last updated on 2023-09-24 23:59:59 CEST.

Flavor Version Tinstall Tcheck Ttotal Status Flags
r-devel-linux-x86_64-debian-clang 0.3.0.0 2.24 23.96 26.20 NOTE
r-devel-linux-x86_64-debian-gcc 0.3.0.0 1.90 19.20 21.10 NOTE
r-devel-linux-x86_64-fedora-clang 0.3.0.0 32.51 NOTE
r-devel-linux-x86_64-fedora-gcc 0.3.0.0 32.92 NOTE
r-devel-windows-x86_64 0.3.0.0 4.00 42.00 46.00 NOTE
r-patched-linux-x86_64 0.3.0.0 2.34 23.34 25.68 NOTE
r-release-linux-x86_64 0.3.0.0 2.42 23.49 25.91 NOTE
r-release-macos-arm64 0.3.0.0 16.00 NOTE
r-release-macos-x86_64 0.3.0.0 20.00 NOTE
r-release-windows-x86_64 0.3.0.0 4.00 41.00 45.00 NOTE
r-oldrel-macos-arm64 0.3.0.0 16.00 NOTE
r-oldrel-macos-x86_64 0.3.0.0 22.00 NOTE
r-oldrel-windows-x86_64 0.3.0.0 4.00 42.00 46.00 NOTE

Check Details

Version: 0.3.0.0
Check: LazyData
Result: NOTE
     'LazyData' is specified without a 'data' directory
Flavors: r-devel-linux-x86_64-debian-clang, r-devel-linux-x86_64-debian-gcc, r-devel-linux-x86_64-fedora-clang, r-devel-linux-x86_64-fedora-gcc, r-devel-windows-x86_64, r-patched-linux-x86_64, r-release-linux-x86_64, r-release-macos-arm64, r-release-macos-x86_64, r-release-windows-x86_64, r-oldrel-macos-arm64, r-oldrel-macos-x86_64, r-oldrel-windows-x86_64