CRAN Package Check Results for Package RecordLinkage

Last updated on 2024-07-24 00:54:00 CEST.

Flavor Version Tinstall Tcheck Ttotal Status Flags
r-devel-linux-x86_64-debian-clang 0.4-12.4 20.35 216.82 237.17 OK
r-devel-linux-x86_64-debian-gcc 0.4-12.4 16.82 160.21 177.03 NOTE
r-devel-linux-x86_64-fedora-clang 0.4-12.4 313.38 OK
r-devel-linux-x86_64-fedora-gcc 0.4-12.4 312.82 OK
r-devel-windows-x86_64 0.4-12.4 23.00 250.00 273.00 NOTE
r-patched-linux-x86_64 0.4-12.4 25.87 206.50 232.37 OK
r-release-linux-x86_64 0.4-12.4 20.01 205.62 225.63 OK
r-release-macos-arm64 0.4-12.4 86.00 OK
r-release-macos-x86_64 0.4-12.4 136.00 WARN
r-release-windows-x86_64 0.4-12.4 23.00 248.00 271.00 OK
r-oldrel-macos-arm64 0.4-12.4 101.00 OK
r-oldrel-macos-x86_64 0.4-12.4 165.00 OK
r-oldrel-windows-x86_64 0.4-12.4 28.00 283.00 311.00 OK

Check Details

Version: 0.4-12.4
Check: Rd cross-references
Result: NOTE Found the following Rd file(s) with Rd \link{} targets missing package anchors: RecLinkData.object.rd: bincombinations trainSupv.Rd: rpart Please provide package anchors for all Rd \link{} targets not in the package itself and the base packages. Flavors: r-devel-linux-x86_64-debian-gcc, r-devel-windows-x86_64

Version: 0.4-12.4
Check: re-building of vignette outputs
Result: WARN Error(s) in re-building vignettes: --- re-building ‘BigData.rnw’ using knitr Warning: call dbDisconnect() when finished working with a connection Error: processing vignette 'BigData.rnw' failed with diagnostics: Running 'texi2dvi' on 'BigData.tex' failed. LaTeX errors: ! Undefined control sequence. l.116 \hlkwd{library}\hldef {(RecordLinkage)} ? ! Emergency stop. ! Emergency stop. l.116 End of file on the terminal! ! ==> Fatal error occurred, no output PDF file produced! --- failed re-building ‘BigData.rnw’ --- re-building ‘EVT.rnw’ using knitr Error: processing vignette 'EVT.rnw' failed with diagnostics: Running 'texi2dvi' on 'EVT.tex' failed. LaTeX errors: ! Undefined control sequence. l.81 \hlkwd{data}\hldef {(RLdata500)} ? ! Emergency stop. ! Emergency stop. l.81 End of file on the terminal! ! ==> Fatal error occurred, no output PDF file produced! --- failed re-building ‘EVT.rnw’ --- re-building ‘Supervised.rnw’ using knitr Error: processing vignette 'Supervised.rnw' failed with diagnostics: Running 'texi2dvi' on 'Supervised.tex' failed. LaTeX errors: ! Undefined control sequence. l.88 \hlkwd{data}\hldef {(RLdata500)} ? ! Emergency stop. ! Emergency stop. l.88 End of file on the terminal! ! ==> Fatal error occurred, no output PDF file produced! --- failed re-building ‘Supervised.rnw’ --- re-building ‘WeightBased.rnw’ using knitr Error: processing vignette 'WeightBased.rnw' failed with diagnostics: Running 'texi2dvi' on 'WeightBased.tex' failed. LaTeX errors: ! Undefined control sequence. l.84 \hlkwd{data}\hldef {(RLdata500)} ? ! Emergency stop. ! Emergency stop. l.84 End of file on the terminal! ! ==> Fatal error occurred, no output PDF file produced! --- failed re-building ‘WeightBased.rnw’ SUMMARY: processing the following files failed: ‘BigData.rnw’ ‘EVT.rnw’ ‘Supervised.rnw’ ‘WeightBased.rnw’ Error: Vignette re-building failed. Execution halted Flavor: r-release-macos-x86_64