CRAN Package Check Results for Package RepertoiR

Last updated on 2023-10-04 00:58:35 CEST.

Flavor Version Tinstall Tcheck Ttotal Status Flags
r-devel-linux-x86_64-debian-clang 0.0.1 5.39 65.17 70.56 NOTE
r-devel-linux-x86_64-debian-gcc 0.0.1 4.11 48.20 52.31 NOTE
r-devel-linux-x86_64-fedora-clang 0.0.1 83.86 NOTE
r-devel-linux-x86_64-fedora-gcc 0.0.1 82.45 NOTE
r-devel-windows-x86_64 0.0.1 7.00 70.00 77.00 NOTE
r-patched-linux-x86_64 0.0.1 5.47 61.50 66.97 NOTE
r-release-linux-x86_64 0.0.1 4.30 62.59 66.89 NOTE
r-release-macos-arm64 0.0.1 30.00 NOTE
r-release-macos-x86_64 0.0.1 44.00 NOTE
r-release-windows-x86_64 0.0.1 9.00 76.00 85.00 NOTE
r-oldrel-macos-arm64 0.0.1 26.00 NOTE
r-oldrel-macos-x86_64 0.0.1 36.00 NOTE
r-oldrel-windows-x86_64 0.0.1 8.00 83.00 91.00 OK

Check Details

Version: 0.0.1
Check: package subdirectories
Result: NOTE
    Problems with news in ‘NEWS.md’:
    No news entries found.
Flavors: r-devel-linux-x86_64-debian-clang, r-devel-linux-x86_64-debian-gcc, r-devel-linux-x86_64-fedora-clang, r-devel-linux-x86_64-fedora-gcc, r-devel-windows-x86_64, r-patched-linux-x86_64, r-release-linux-x86_64, r-release-macos-arm64, r-release-macos-x86_64, r-release-windows-x86_64

Version: 0.0.1
Check: dependencies in R code
Result: NOTE
    Namespace in Imports field not imported from: ‘stringi’
     All declared Imports should be used.
Flavors: r-devel-linux-x86_64-fedora-clang, r-devel-linux-x86_64-fedora-gcc, r-oldrel-macos-arm64, r-oldrel-macos-x86_64