CRAN Package Check Results for Package ReplicationSuccess

Last updated on 2024-06-14 00:53:55 CEST.

Flavor Version Tinstall Tcheck Ttotal Status Flags
r-devel-linux-x86_64-debian-clang 1.3.2 6.29 262.85 269.14 OK
r-devel-linux-x86_64-debian-gcc 1.3.2 4.53 111.47 116.00 ERROR
r-devel-linux-x86_64-fedora-clang 1.3.2 316.26 OK
r-devel-linux-x86_64-fedora-gcc 1.3.2 311.95 OK
r-devel-windows-x86_64 1.3.2 6.00 189.00 195.00 OK
r-patched-linux-x86_64 1.3.2 5.61 243.02 248.63 OK
r-release-linux-x86_64 1.3.2 5.49 253.62 259.11 OK
r-release-macos-arm64 1.3.2 68.00 OK
r-release-macos-x86_64 1.3.2 131.00 WARN
r-release-windows-x86_64 1.3.2 5.00 195.00 200.00 OK
r-oldrel-macos-arm64 1.3.2 79.00 OK
r-oldrel-macos-x86_64 1.3.2 252.00 OK
r-oldrel-windows-x86_64 1.3.2 7.00 241.00 248.00 OK

Check Details

Version: 1.3.2
Check: package dependencies
Result: NOTE Packages suggested but not available for checking: 'roxygen2', 'testthat' Flavor: r-devel-linux-x86_64-debian-gcc

Version: 1.3.2
Check: tests
Result: ERROR Running ‘run-all.R’ [0s/1s] Running the tests in ‘tests/run-all.R’ failed. Complete output: > library(testthat) Error in library(testthat) : there is no package called 'testthat' Execution halted Flavor: r-devel-linux-x86_64-debian-gcc

Version: 1.3.2
Check: re-building of vignette outputs
Result: WARN Error(s) in re-building vignettes: ... --- re-building ‘ReplicationSuccess.Rnw’ using knitr Error: processing vignette 'ReplicationSuccess.Rnw' failed with diagnostics: Running 'texi2dvi' on 'ReplicationSuccess.tex' failed. LaTeX errors: ! Undefined control sequence. l.281 \hlkwd{library}\hldef {(ReplicationSuccess)} ? ! Emergency stop. ! Emergency stop. l.281 End of file on the terminal! ! ==> Fatal error occurred, no output PDF file produced! --- failed re-building ‘ReplicationSuccess.Rnw’ SUMMARY: processing the following file failed: ‘ReplicationSuccess.Rnw’ Error: Vignette re-building failed. Execution halted Flavor: r-release-macos-x86_64