CRAN Package Check Results for Package ReporteRs

Last updated on 2018-10-18 00:48:24 CEST.

Flavor Version Tinstall Tcheck Ttotal Status Flags
r-release-osx-x86_64 0.8.10 ERROR
r-oldrel-osx-x86_64 0.8.10 ERROR

Check Details

Version: 0.8.10
Check: tests
Result: ERROR
     Running ‘testthat.R’ [3s/4s]
    Running the tests in ‘tests/testthat.R’ failed.
    Last 13 lines of output:
     13: ._jobjRef_dollar(x[["jobj"]], name)
     14: stop(sprintf("no field, method or inner class called '%s' ", name))
    
     ══ testthat results ═══════════════════════════════════════════════════════════
     OK: 4 SKIPPED: 0 FAILED: 7
     1. Error: (unknown) (@test-docx-bookmarks.R#4)
     2. Error: (unknown) (@test-docx-img.R#8)
     3. Error: (unknown) (@test-docx-plot.R#10)
     4. Error: (unknown) (@test-file-extensions.R#3)
     5. Error: (unknown) (@test-flextable.R#30)
     6. Error: (unknown) (@test-pptx-img.R#9)
     7. Error: (unknown) (@test-pptx-plot.R#10)
    
     Error: testthat unit tests failed
     Execution halted
Flavor: r-release-osx-x86_64

Version: 0.8.10
Check: tests
Result: ERROR
     Running ‘testthat.R’ [4s/4s]
    Running the tests in ‘tests/testthat.R’ failed.
    Last 13 lines of output:
     13: ._jobjRef_dollar(x[["jobj"]], name)
     14: stop(sprintf("no field, method or inner class called '%s' ", name))
    
     ══ testthat results ═══════════════════════════════════════════════════════════
     OK: 4 SKIPPED: 0 FAILED: 7
     1. Error: (unknown) (@test-docx-bookmarks.R#4)
     2. Error: (unknown) (@test-docx-img.R#8)
     3. Error: (unknown) (@test-docx-plot.R#10)
     4. Error: (unknown) (@test-file-extensions.R#3)
     5. Error: (unknown) (@test-flextable.R#30)
     6. Error: (unknown) (@test-pptx-img.R#9)
     7. Error: (unknown) (@test-pptx-plot.R#10)
    
     Error: testthat unit tests failed
     Execution halted
Flavor: r-oldrel-osx-x86_64