CRAN Package Check Results for Package ResearchAssociate

Last updated on 2024-02-23 00:59:39 CET.

Flavor Version Tinstall Tcheck Ttotal Status Flags
r-devel-linux-x86_64-debian-clang 1.0.1 NOTE
r-devel-linux-x86_64-debian-gcc 1.0.1 4.00 43.11 47.11 NOTE
r-devel-linux-x86_64-fedora-clang 1.0.1 75.93 NOTE
r-devel-linux-x86_64-fedora-gcc 1.0.1 74.11 NOTE
r-devel-windows-x86_64 1.0.1 7.00 91.00 98.00 NOTE
r-patched-linux-x86_64 1.0.1 6.73 55.70 62.43 NOTE
r-release-linux-x86_64 1.0.1 6.22 54.53 60.75 NOTE
r-release-macos-arm64 1.0.1 56.00 NOTE
r-release-macos-x86_64 1.0.1 74.00 NOTE
r-release-windows-x86_64 1.0.1 8.00 97.00 105.00 NOTE
r-oldrel-macos-arm64 1.0.1 41.00 NOTE
r-oldrel-windows-x86_64 1.0.1 8.00 113.00 121.00 NOTE

Check Details

Version: 1.0.1
Check: LazyData
Result: NOTE 'LazyData' is specified without a 'data' directory Flavors: r-devel-linux-x86_64-debian-clang, r-devel-linux-x86_64-debian-gcc, r-devel-linux-x86_64-fedora-clang, r-devel-linux-x86_64-fedora-gcc, r-devel-windows-x86_64, r-patched-linux-x86_64, r-release-linux-x86_64, r-release-macos-arm64, r-release-macos-x86_64, r-release-windows-x86_64, r-oldrel-macos-arm64, r-oldrel-windows-x86_64