CRAN Package Check Results for Package ReviewR

Last updated on 2021-09-21 00:49:22 CEST.

Flavor Version Tinstall Tcheck Ttotal Status Flags
r-devel-linux-x86_64-debian-clang 2.3.7 20.09 134.71 154.80 OK
r-devel-linux-x86_64-debian-gcc 2.3.7 16.45 98.96 115.41 OK
r-devel-linux-x86_64-fedora-clang 2.3.7 195.82 NOTE
r-devel-linux-x86_64-fedora-gcc 2.3.7 185.75 NOTE
r-devel-windows-x86_64 2.3.7 24.00 131.00 155.00 OK
r-devel-windows-x86_64-gcc10-UCRT 2.3.7 ERROR
r-patched-linux-x86_64 2.3.7 20.43 134.95 155.38 OK
r-patched-solaris-x86 2.3.7 253.30 NOTE
r-release-linux-x86_64 2.3.7 18.74 135.38 154.12 OK
r-release-macos-arm64 2.3.7 NOTE
r-release-macos-x86_64 2.3.7 NOTE
r-release-windows-ix86+x86_64 2.3.7 44.00 170.00 214.00 OK
r-oldrel-macos-x86_64 2.3.7 NOTE
r-oldrel-windows-ix86+x86_64 2.3.7 45.00 172.00 217.00 OK

Check Details

Version: 2.3.7
Check: package dependencies
Result: NOTE
    Imports includes 30 non-default packages.
    Importing from so many packages makes the package vulnerable to any of
    them becoming unavailable. Move as many as possible to Suggests and
    use conditionally.
Flavor: r-devel-linux-x86_64-fedora-clang

Version: 2.3.7
Check: dependencies in R code
Result: NOTE
    Namespace in Imports field not imported from: ‘pkgload’
     All declared Imports should be used.
Flavors: r-devel-linux-x86_64-fedora-clang, r-devel-linux-x86_64-fedora-gcc, r-devel-windows-x86_64-gcc10-UCRT, r-patched-solaris-x86, r-release-macos-arm64, r-release-macos-x86_64, r-oldrel-macos-x86_64

Version: 2.3.7
Check: data for non-ASCII characters
Result: NOTE
     Note: found 26 marked UTF-8 strings
Flavors: r-devel-linux-x86_64-fedora-clang, r-devel-linux-x86_64-fedora-gcc, r-devel-windows-x86_64-gcc10-UCRT, r-patched-solaris-x86, r-release-macos-arm64, r-release-macos-x86_64, r-oldrel-macos-x86_64

Version: 2.3.7
Check: whether package can be installed
Result: WARN
    Found the following significant warnings:
     WARNING: installation-time patches will not be applied, could not get the patches index
Flavor: r-devel-windows-x86_64-gcc10-UCRT

Version: 2.3.7
Check: PDF version of manual
Result: WARN
    LaTeX errors when creating PDF version.
    This typically indicates Rd problems.
Flavor: r-devel-windows-x86_64-gcc10-UCRT

Version: 2.3.7
Check: PDF version of manual without hyperrefs or index
Result: ERROR
    Re-running with no redirection of stdout/stderr.
Flavor: r-devel-windows-x86_64-gcc10-UCRT