CRAN Package Check Results for Package Rfast

Last updated on 2021-12-01 00:51:02 CET.

Flavor Version Tinstall Tcheck Ttotal Status Flags
r-devel-linux-x86_64-debian-clang 2.0.3 1234.01 114.43 1348.44 OK
r-devel-linux-x86_64-debian-gcc 2.0.3 925.23 95.69 1020.92 OK
r-devel-linux-x86_64-fedora-clang 2.0.3 2287.73 NOTE
r-devel-linux-x86_64-fedora-gcc 2.0.3 1920.70 OK
r-devel-windows-x86_64-new-UL 2.0.3 1538.00 236.00 1774.00 NOTE
r-devel-windows-x86_64-new-TK 2.0.3 OK
r-devel-windows-x86_64-old 2.0.3 1550.00 131.00 1681.00 NOTE
r-patched-linux-x86_64 2.0.3 1102.87 111.39 1214.26 OK
r-patched-solaris-x86 2.0.3 1534.90 NOTE
r-release-linux-x86_64 2.0.3 1112.48 111.69 1224.17 OK
r-release-macos-arm64 2.0.3 NOTE
r-release-macos-x86_64 2.0.3 NOTE
r-release-windows-ix86+x86_64 2.0.3 3025.00 177.00 3202.00 NOTE
r-oldrel-macos-x86_64 2.0.3 NOTE
r-oldrel-windows-ix86+x86_64 2.0.3 2224.00 229.00 2453.00 NOTE

Check Details

Version: 2.0.3
Check: installed package size
Result: NOTE
     installed size is 50.3Mb
     sub-directories of 1Mb or more:
     libs 48.9Mb
Flavors: r-devel-linux-x86_64-fedora-clang, r-devel-windows-x86_64-new-UL, r-devel-windows-x86_64-old, r-patched-solaris-x86, r-release-macos-arm64, r-release-macos-x86_64, r-release-windows-ix86+x86_64, r-oldrel-macos-x86_64, r-oldrel-windows-ix86+x86_64