Last updated on 2023-06-04 00:54:41 CEST.
Flavor | Version | Tinstall | Tcheck | Ttotal | Status | Flags |
---|---|---|---|---|---|---|
r-devel-linux-x86_64-debian-clang | 0.24.2 | 4.76 | 35.59 | 40.35 | NOTE | |
r-devel-linux-x86_64-debian-gcc | 0.24.2 | 3.63 | 27.83 | 31.46 | NOTE | |
r-devel-linux-x86_64-fedora-clang | 0.24.2 | 51.97 | NOTE | |||
r-devel-linux-x86_64-fedora-gcc | 0.24.2 | 55.07 | NOTE | |||
r-devel-windows-x86_64 | 0.24.2 | 9.00 | 56.00 | 65.00 | NOTE | |
r-patched-linux-x86_64 | 0.24.2 | NOTE | ||||
r-release-linux-x86_64 | 0.24.2 | 4.23 | 34.61 | 38.84 | NOTE | |
r-release-macos-arm64 | 0.24.2 | 21.00 | NOTE | |||
r-release-macos-x86_64 | 0.24.2 | 31.00 | NOTE | |||
r-release-windows-x86_64 | 0.24.2 | 9.00 | 61.00 | 70.00 | NOTE | |
r-oldrel-macos-arm64 | 0.24.2 | 22.00 | OK | |||
r-oldrel-macos-x86_64 | 0.24.2 | 28.00 | OK | |||
r-oldrel-windows-x86_64 | 0.24.2 | 8.00 | 65.00 | 73.00 | OK |
Version: 0.24.2
Check: Rd files
Result: NOTE
checkRd: (-1) CardioRiskFactors.Rd:35: Escaped LaTeX specials: \&
Flavors: r-devel-linux-x86_64-debian-clang, r-devel-linux-x86_64-debian-gcc, r-devel-linux-x86_64-fedora-clang, r-devel-linux-x86_64-fedora-gcc, r-devel-windows-x86_64, r-patched-linux-x86_64, r-release-linux-x86_64, r-release-macos-arm64, r-release-macos-x86_64, r-release-windows-x86_64