CRAN Package Check Results for Package Rfit

Last updated on 2024-02-24 00:51:26 CET.

Flavor Version Tinstall Tcheck Ttotal Status Flags
r-devel-linux-x86_64-debian-clang 0.24.6 4.66 36.27 40.93 NOTE
r-devel-linux-x86_64-debian-gcc 0.24.6 3.81 27.84 31.65 NOTE
r-devel-linux-x86_64-fedora-clang 0.24.6 53.15 NOTE
r-devel-linux-x86_64-fedora-gcc 0.24.6 51.23 NOTE
r-devel-windows-x86_64 0.24.6 8.00 57.00 65.00 OK
r-patched-linux-x86_64 0.24.6 5.16 35.46 40.62 OK
r-release-linux-x86_64 0.24.6 4.79 35.31 40.10 OK
r-release-macos-arm64 0.24.6 23.00 OK
r-release-macos-x86_64 0.24.6 42.00 OK
r-release-windows-x86_64 0.24.6 8.00 65.00 73.00 OK
r-oldrel-macos-arm64 0.24.6 24.00 OK
r-oldrel-windows-x86_64 0.24.6 10.00 61.00 71.00 OK

Check Details

Version: 0.24.6
Check: Rd files
Result: NOTE checkRd: (-1) disp.Rd:20: Lost braces; missing escapes or markup? 20 | sum_{i=1}^n a(R(e_i)) * e_i where | ^ Flavors: r-devel-linux-x86_64-debian-clang, r-devel-linux-x86_64-debian-gcc, r-devel-linux-x86_64-fedora-clang, r-devel-linux-x86_64-fedora-gcc