CRAN Package Check Results for Package Rforestry

Last updated on 2021-10-27 00:51:16 CEST.

Flavor Version Tinstall Tcheck Ttotal Status Flags
r-devel-linux-x86_64-debian-clang 0.9.0.57 129.89 190.15 320.04 OK
r-devel-linux-x86_64-debian-gcc 0.9.0.57 100.63 142.47 243.10 OK
r-devel-linux-x86_64-fedora-clang 0.9.0.57 438.17 NOTE
r-devel-linux-x86_64-fedora-gcc 0.9.0.57 417.74 OK
r-devel-windows-x86_64 0.9.0.57 166.00 205.00 371.00 OK
r-devel-windows-x86_64-gcc10-UCRT 0.9.0.57 OK
r-patched-linux-x86_64 0.9.0.57 114.85 185.16 300.01 OK
r-patched-solaris-x86 0.9.0.57 1028.70 OK
r-release-linux-x86_64 0.9.0.57 117.81 183.27 301.08 OK
r-release-macos-arm64 0.9.0.57 NOTE
r-release-macos-x86_64 0.9.0.57 NOTE
r-release-windows-ix86+x86_64 0.9.0.57 237.00 342.00 579.00 OK
r-oldrel-macos-x86_64 0.9.0.57 NOTE
r-oldrel-windows-ix86+x86_64 0.9.0.57 340.00 344.00 684.00 OK

Check Details

Version: 0.9.0.57
Check: installed package size
Result: NOTE
     installed size is 7.2Mb
     sub-directories of 1Mb or more:
     libs 7.0Mb
Flavors: r-devel-linux-x86_64-fedora-clang, r-release-macos-arm64, r-release-macos-x86_64, r-oldrel-macos-x86_64