CRAN Package Check Results for Package RhpcBLASctl

Last updated on 2021-10-23 00:49:06 CEST.

Flavor Version Tinstall Tcheck Ttotal Status Flags
r-devel-linux-x86_64-debian-clang 0.21-247 4.41 20.19 24.60 WARN
r-devel-linux-x86_64-debian-gcc 0.21-247 3.51 15.84 19.35 WARN
r-devel-linux-x86_64-fedora-clang 0.21-247 41.42 WARN
r-devel-linux-x86_64-fedora-gcc 0.21-247 31.30 WARN
r-devel-windows-x86_64 0.21-247 6.00 34.00 40.00 OK
r-devel-windows-x86_64-gcc10-UCRT 0.21-247 OK
r-patched-linux-x86_64 0.21-247 4.37 19.88 24.25 WARN
r-patched-solaris-x86 0.21-247 41.30 OK
r-release-linux-x86_64 0.21-247 4.28 19.66 23.94 WARN
r-release-macos-arm64 0.21-247 OK
r-release-macos-x86_64 0.21-247 OK
r-release-windows-ix86+x86_64 0.21-247 12.00 40.00 52.00 OK
r-oldrel-macos-x86_64 0.21-247 OK
r-oldrel-windows-ix86+x86_64 0.21-247 9.00 28.00 37.00 OK

Check Details

Version: 0.21-247
Check: top-level files
Result: WARN
     Output from running autoreconf:
     configure.ac:3: warning: The macro `AC_CONFIG_HEADER' is obsolete.
     configure.ac:3: You should run autoupdate.
     ./lib/autoconf/status.m4:719: AC_CONFIG_HEADER is expanded from...
     configure.ac:3: the top level
     configure.ac:10: warning: AC_OUTPUT should be used without arguments.
     configure.ac:10: You should run autoupdate.
Flavors: r-devel-linux-x86_64-debian-clang, r-devel-linux-x86_64-debian-gcc, r-patched-linux-x86_64, r-release-linux-x86_64

Version: 0.21-247
Check: top-level files
Result: WARN
     Output from running autoreconf:
     configure.ac:3: warning: The macro `AC_CONFIG_HEADER' is obsolete.
     configure.ac:3: You should run autoupdate.
     ./lib/autoconf/status.m4:719: AC_CONFIG_HEADER is expanded from...
     configure.ac:3: the top level
     configure.ac:10: warning: AC_OUTPUT should be used without arguments.
     configure.ac:10: You should run autoupdate.
     configure.ac:3: warning: The macro `AC_CONFIG_HEADER' is obsolete.
     configure.ac:3: You should run autoupdate.
     ./lib/autoconf/status.m4:719: AC_CONFIG_HEADER is expanded from...
     configure.ac:3: the top level
     configure.ac:10: warning: AC_OUTPUT should be used without arguments.
     configure.ac:10: You should run autoupdate.
Flavors: r-devel-linux-x86_64-fedora-clang, r-devel-linux-x86_64-fedora-gcc