CRAN Package Check Results for Package RmecabKo

Last updated on 2024-06-14 00:53:56 CEST.

Flavor Version Tinstall Tcheck Ttotal Status Flags
r-devel-linux-x86_64-debian-clang 0.1.6.2 42.08 35.83 77.91 NOTE
r-devel-linux-x86_64-debian-gcc 0.1.6.2 0.33 1.69 2.02 ERROR
r-devel-linux-x86_64-fedora-clang 0.1.6.2 110.14 NOTE
r-devel-linux-x86_64-fedora-gcc 0.1.6.2 107.75 NOTE
r-devel-windows-x86_64 0.1.6.2 31.00 67.00 98.00 NOTE
r-patched-linux-x86_64 0.1.6.2 35.02 34.42 69.44 NOTE
r-release-linux-x86_64 0.1.6.2 34.74 35.39 70.13 NOTE
r-release-macos-arm64 0.1.6.2 11.00 ERROR
r-release-macos-x86_64 0.1.6.2 16.00 ERROR
r-release-windows-x86_64 0.1.6.2 32.00 69.00 101.00 NOTE
r-oldrel-macos-arm64 0.1.6.2 14.00 ERROR
r-oldrel-macos-x86_64 0.1.6.2 18.00 ERROR
r-oldrel-windows-x86_64 0.1.6.2 40.00 78.00 118.00 NOTE

Check Details

Version: 0.1.6.2
Check: LazyData
Result: NOTE 'LazyData' is specified without a 'data' directory Flavors: r-devel-linux-x86_64-debian-clang, r-devel-linux-x86_64-fedora-clang, r-devel-linux-x86_64-fedora-gcc, r-devel-windows-x86_64, r-patched-linux-x86_64, r-release-linux-x86_64, r-release-windows-x86_64, r-oldrel-windows-x86_64

Version: 0.1.6.2
Check: package dependencies
Result: ERROR Package required but not available: ‘stringr’ See section ‘The DESCRIPTION file’ in the ‘Writing R Extensions’ manual. Flavor: r-devel-linux-x86_64-debian-gcc

Version: 0.1.6.2
Check: whether package can be installed
Result: ERROR Installation failed. Flavors: r-release-macos-arm64, r-release-macos-x86_64, r-oldrel-macos-arm64, r-oldrel-macos-x86_64