CRAN Package Check Results for Package Rmosek

Last updated on 2023-09-26 01:06:33 CEST.

Flavor Version Tinstall Tcheck Ttotal Status Flags
r-devel-linux-x86_64-debian-clang 1.3.5 2.31 22.94 25.25 NOTE
r-devel-linux-x86_64-debian-gcc 1.3.5 1.77 17.96 19.73 NOTE
r-devel-linux-x86_64-fedora-clang 1.3.5 31.51 OK
r-devel-linux-x86_64-fedora-gcc 1.3.5 32.12 OK
r-devel-windows-x86_64 1.3.5 7.00 45.00 52.00 OK
r-patched-linux-x86_64 1.3.5 1.62 22.42 24.04 NOTE
r-release-linux-x86_64 1.3.5 1.74 22.62 24.36 NOTE
r-release-macos-arm64 1.3.5 14.00 OK
r-release-macos-x86_64 1.3.5 22.00 OK
r-release-windows-x86_64 1.3.5 3.00 44.00 47.00 OK
r-oldrel-macos-arm64 1.3.5 13.00 OK
r-oldrel-macos-x86_64 1.3.5 20.00 OK
r-oldrel-windows-x86_64 1.3.5 4.00 46.00 50.00 OK

Check Details

Version: 1.3.5
Check: R code for possible problems
Result: NOTE
    Found the following calls to attach():
    File ‘Rmosek/R/builder.R’:
     attach(builderenv, pos, name, warn.conflicts)
    See section ‘Good practice’ in ‘?attach’.
Flavors: r-devel-linux-x86_64-debian-clang, r-devel-linux-x86_64-debian-gcc, r-patched-linux-x86_64, r-release-linux-x86_64