Last updated on 2023-09-24 00:56:51 CEST.
Flavor | Version | Tinstall | Tcheck | Ttotal | Status | Flags |
---|---|---|---|---|---|---|
r-devel-linux-x86_64-debian-clang | 0.7-1 | 7.95 | 43.71 | 51.66 | OK | |
r-devel-linux-x86_64-debian-gcc | 0.7-1 | 5.78 | 36.16 | 41.94 | OK | |
r-devel-linux-x86_64-fedora-clang | 0.7-1 | 73.11 | OK | |||
r-devel-linux-x86_64-fedora-gcc | 0.7-1 | 75.18 | OK | |||
r-devel-windows-x86_64 | 0.7-1 | 64.00 | 63.00 | 127.00 | OK | |
r-patched-linux-x86_64 | 0.7-1 | 10.89 | 43.74 | 54.63 | OK | |
r-release-linux-x86_64 | 0.7-1 | 7.37 | 43.94 | 51.31 | OK | |
r-release-macos-x86_64 | 0.7-1 | 31.00 | ERROR | |||
r-release-windows-x86_64 | 0.7-1 | 24.00 | 76.00 | 100.00 | OK | |
r-oldrel-macos-arm64 | 0.6-9.2 | 10.00 | ERROR | |||
r-oldrel-macos-x86_64 | 0.7-1 | 16.00 | ERROR | |||
r-oldrel-windows-x86_64 | 0.7-1 | 215.00 | 104.00 | 319.00 | OK |
Version: 0.7-1
Check: whether package can be installed
Result: ERROR
Installation failed.
Flavors: r-release-macos-x86_64, r-oldrel-macos-x86_64
Version: 0.6-9.2
Check: whether package can be installed
Result: ERROR
Installation failed.
Flavor: r-oldrel-macos-arm64