CRAN Package Check Results for Package Rnmr1D

Last updated on 2021-10-22 00:50:39 CEST.

Flavor Version Tinstall Tcheck Ttotal Status Flags
r-devel-linux-x86_64-debian-clang 1.2.5 38.21 160.90 199.11 OK
r-devel-linux-x86_64-debian-gcc 1.2.5 28.86 118.66 147.52 OK
r-devel-linux-x86_64-fedora-clang 1.2.5 256.64 NOTE
r-devel-linux-x86_64-fedora-gcc 1.2.5 242.41 NOTE
r-devel-windows-x86_64 1.2.5 59.00 315.00 374.00 OK
r-devel-windows-x86_64-gcc10-UCRT 1.2.5 ERROR
r-patched-linux-x86_64 1.2.5 32.32 121.30 153.62 OK
r-patched-solaris-x86 1.2.5 279.90 NOTE
r-release-linux-x86_64 1.2.5 34.32 120.95 155.27 OK
r-release-macos-arm64 1.2.5 NOTE
r-release-macos-x86_64 1.2.5 NOTE
r-release-windows-ix86+x86_64 1.2.5 64.00 205.00 269.00 OK
r-oldrel-macos-x86_64 1.2.5 NOTE
r-oldrel-windows-ix86+x86_64 1.2.5 85.00 205.00 290.00 OK

Additional issues

donttest

Check Details

Version: 1.2.5
Check: dependencies in R code
Result: NOTE
    Namespace in Imports field not imported from: ‘impute’
     All declared Imports should be used.
Flavors: r-devel-linux-x86_64-fedora-clang, r-devel-linux-x86_64-fedora-gcc, r-patched-solaris-x86, r-release-macos-arm64, r-release-macos-x86_64, r-oldrel-macos-x86_64

Version: 1.2.5
Check: package dependencies
Result: ERROR
    Package required but not available: 'igraph'
    
    See section 'The DESCRIPTION file' in the 'Writing R Extensions'
    manual.
Flavor: r-devel-windows-x86_64-gcc10-UCRT