CRAN Package Check Results for Package RobAStRDA

Last updated on 2021-10-25 00:49:24 CEST.

Flavor Version Tinstall Tcheck Ttotal Status Flags
r-devel-linux-x86_64-debian-clang 1.2.0 13.51 31.29 44.80 NOTE
r-devel-linux-x86_64-debian-gcc 1.2.0 14.56 25.77 40.33 NOTE
r-devel-linux-x86_64-fedora-clang 1.2.0 70.43 NOTE
r-devel-linux-x86_64-fedora-gcc 1.2.0 59.88 NOTE
r-devel-windows-x86_64 1.2.0 30.00 42.00 72.00 NOTE
r-devel-windows-x86_64-gcc10-UCRT 1.2.0 NOTE
r-patched-linux-x86_64 1.2.0 14.97 31.10 46.07 NOTE
r-patched-solaris-x86 1.2.0 100.60 NOTE
r-release-linux-x86_64 1.2.0 15.33 30.43 45.76 NOTE
r-release-macos-arm64 1.2.0 NOTE
r-release-macos-x86_64 1.2.0 NOTE
r-release-windows-ix86+x86_64 1.2.0 33.00 44.00 77.00 NOTE
r-oldrel-macos-x86_64 1.2.0 NOTE
r-oldrel-windows-ix86+x86_64 1.2.0 28.00 39.00 67.00 NOTE

Check Details

Version: 1.2.0
Check: LazyData
Result: NOTE
     'LazyData' is specified without a 'data' directory
Flavors: r-devel-linux-x86_64-debian-clang, r-devel-linux-x86_64-debian-gcc, r-devel-linux-x86_64-fedora-clang, r-devel-linux-x86_64-fedora-gcc, r-devel-windows-x86_64, r-devel-windows-x86_64-gcc10-UCRT, r-patched-linux-x86_64, r-patched-solaris-x86, r-release-linux-x86_64, r-release-macos-arm64, r-release-macos-x86_64, r-release-windows-ix86+x86_64

Version: 1.2.0
Check: installed package size
Result: NOTE
     installed size is 11.3Mb
     sub-directories of 1Mb or more:
     R 11.2Mb
Flavors: r-devel-linux-x86_64-fedora-clang, r-devel-windows-x86_64, r-patched-solaris-x86, r-release-macos-arm64, r-release-macos-x86_64, r-release-windows-ix86+x86_64, r-oldrel-macos-x86_64, r-oldrel-windows-ix86+x86_64