Last updated on 2025-04-30 00:49:59 CEST.
Flavor | Version | Tinstall | Tcheck | Ttotal | Status | Flags |
---|---|---|---|---|---|---|
r-devel-linux-x86_64-debian-clang | 0.5.5 | 45.67 | 71.52 | 117.19 | NOTE | |
r-devel-linux-x86_64-debian-gcc | 0.5.5 | 38.38 | 48.06 | 86.44 | OK | |
r-devel-linux-x86_64-fedora-clang | 0.5.5 | 192.98 | OK | |||
r-devel-linux-x86_64-fedora-gcc | 0.5.5 | 206.69 | OK | |||
r-devel-windows-x86_64 | 0.5.5 | 51.00 | 121.00 | 172.00 | OK | |
r-patched-linux-x86_64 | 0.5.5 | 52.09 | 68.77 | 120.86 | OK | |
r-release-linux-x86_64 | 0.5.5 | 51.90 | 69.75 | 121.65 | OK | |
r-release-macos-arm64 | 0.5.5 | 57.00 | OK | |||
r-release-macos-x86_64 | 0.5.5 | 129.00 | OK | |||
r-release-windows-x86_64 | 0.5.5 | 51.00 | 117.00 | 168.00 | OK | |
r-oldrel-macos-arm64 | 0.5.5 | 61.00 | NOTE | |||
r-oldrel-macos-x86_64 | 0.5.5 | 104.00 | NOTE | |||
r-oldrel-windows-x86_64 | 0.5.5 | 57.00 | 132.00 | 189.00 | OK |
Version: 0.5.5
Check: examples
Result: NOTE
Examples with CPU (user + system) or elapsed time > 5s
user system elapsed
predict.rcalibration 5.066 0.031 6.761
predict_MS.rcalibration_MS 3.996 0.004 5.234
Flavor: r-devel-linux-x86_64-debian-clang
Version: 0.5.5
Check: installed package size
Result: NOTE
installed size is 22.6Mb
sub-directories of 1Mb or more:
libs 22.0Mb
Flavors: r-oldrel-macos-arm64, r-oldrel-macos-x86_64