CRAN Package Check Results for Package RobustCalibration

Last updated on 2024-06-24 00:50:19 CEST.

Flavor Version Tinstall Tcheck Ttotal Status Flags
r-devel-linux-x86_64-debian-clang 0.5.5 74.24 94.87 169.11 OK
r-devel-linux-x86_64-debian-gcc 0.5.5 55.88 67.44 123.32 OK
r-devel-linux-x86_64-fedora-clang 0.5.5 209.34 OK
r-devel-linux-x86_64-fedora-gcc 0.5.5 234.54 OK
r-devel-windows-x86_64 0.5.5 54.00 113.00 167.00 OK
r-patched-linux-x86_64 0.5.5 70.81 88.62 159.43 OK
r-release-linux-x86_64 0.5.5 59.87 91.57 151.44 OK
r-release-macos-arm64 0.5.5 61.00 NOTE
r-release-macos-x86_64 0.5.5 104.00 NOTE
r-release-windows-x86_64 0.5.5 52.00 117.00 169.00 OK
r-oldrel-macos-arm64 0.5.5 57.00 NOTE
r-oldrel-macos-x86_64 0.5.5 107.00 NOTE
r-oldrel-windows-x86_64 0.5.5 67.00 132.00 199.00 OK

Check Details

Version: 0.5.5
Check: installed package size
Result: NOTE installed size is 22.6Mb sub-directories of 1Mb or more: libs 22.0Mb Flavors: r-release-macos-arm64, r-release-macos-x86_64, r-oldrel-macos-arm64, r-oldrel-macos-x86_64