CRAN Package Check Results for Package Rspc

Last updated on 2021-10-20 00:49:53 CEST.

Flavor Version Tinstall Tcheck Ttotal Status Flags
r-devel-linux-x86_64-debian-clang 1.2.2 2.51 24.16 26.67 NOTE
r-devel-linux-x86_64-debian-gcc 1.2.2 2.05 18.70 20.75 NOTE
r-devel-linux-x86_64-fedora-clang 1.2.2 43.43 NOTE
r-devel-linux-x86_64-fedora-gcc 1.2.2 32.50 NOTE
r-devel-windows-x86_64 1.2.2 5.00 44.00 49.00 NOTE
r-devel-windows-x86_64-gcc10-UCRT 1.2.2 NOTE
r-patched-linux-x86_64 1.2.2 2.57 22.91 25.48 NOTE
r-patched-solaris-x86 1.2.2 50.30 NOTE
r-release-linux-x86_64 1.2.2 2.38 23.28 25.66 NOTE
r-release-macos-arm64 1.2.2 NOTE
r-release-macos-x86_64 1.2.2 NOTE
r-release-windows-ix86+x86_64 1.2.2 5.00 39.00 44.00 NOTE
r-oldrel-macos-x86_64 1.2.2 OK
r-oldrel-windows-ix86+x86_64 1.2.2 7.00 41.00 48.00 OK

Check Details

Version: 1.2.2
Check: LazyData
Result: NOTE
     'LazyData' is specified without a 'data' directory
Flavors: r-devel-linux-x86_64-debian-clang, r-devel-linux-x86_64-debian-gcc, r-devel-linux-x86_64-fedora-clang, r-devel-linux-x86_64-fedora-gcc, r-devel-windows-x86_64, r-devel-windows-x86_64-gcc10-UCRT, r-patched-linux-x86_64, r-patched-solaris-x86, r-release-linux-x86_64, r-release-macos-arm64, r-release-macos-x86_64, r-release-windows-ix86+x86_64