Last updated on 2023-09-30 00:56:18 CEST.
Flavor | Version | Tinstall | Tcheck | Ttotal | Status | Flags |
---|---|---|---|---|---|---|
r-devel-linux-x86_64-debian-clang | 0.4.4 | 90.57 | 112.50 | 203.07 | NOTE | |
r-devel-linux-x86_64-debian-gcc | 0.4.4 | 66.38 | 85.06 | 151.44 | NOTE | |
r-devel-linux-x86_64-fedora-clang | 0.4.4 | 325.11 | NOTE | |||
r-devel-linux-x86_64-fedora-gcc | 0.4.4 | 336.44 | NOTE | |||
r-devel-windows-x86_64 | 0.4.4 | 80.00 | 142.00 | 222.00 | NOTE | |
r-patched-linux-x86_64 | 0.4.4 | 97.12 | 111.28 | 208.40 | NOTE | |
r-release-linux-x86_64 | 0.4.4 | 99.28 | 112.22 | 211.50 | NOTE | |
r-release-macos-arm64 | 0.4.4 | 105.00 | NOTE | |||
r-release-macos-x86_64 | 0.4.4 | 162.00 | NOTE | |||
r-release-windows-x86_64 | 0.4.4 | 89.00 | 159.00 | 248.00 | NOTE | |
r-oldrel-macos-arm64 | 0.4.4 | 98.00 | NOTE | |||
r-oldrel-macos-x86_64 | 0.4.4 | 124.00 | NOTE | |||
r-oldrel-windows-x86_64 | 0.4.4 | 111.00 | 136.00 | 247.00 | OK |
Version: 0.4.4
Check: C++ specification
Result: NOTE
Specified C++11: please drop specification unless essential
Flavors: r-devel-linux-x86_64-debian-clang, r-devel-linux-x86_64-debian-gcc, r-devel-linux-x86_64-fedora-clang, r-devel-linux-x86_64-fedora-gcc, r-devel-windows-x86_64, r-patched-linux-x86_64, r-release-linux-x86_64, r-release-macos-arm64, r-release-macos-x86_64, r-release-windows-x86_64
Version: 0.4.4
Check: installed package size
Result: NOTE
installed size is 10.1Mb
sub-directories of 1Mb or more:
libs 8.4Mb
yacas 1.3Mb
Flavors: r-release-macos-arm64, r-release-macos-x86_64, r-oldrel-macos-arm64, r-oldrel-macos-x86_64