CRAN Package Check Results for Package Ryacas0

Last updated on 2024-06-14 00:53:57 CEST.

Flavor Version Tinstall Tcheck Ttotal Status Flags
r-devel-linux-x86_64-debian-clang 0.4.4 100.64 119.15 219.79 NOTE
r-devel-linux-x86_64-debian-gcc 0.4.4 70.48 84.83 155.31 ERROR
r-devel-linux-x86_64-fedora-clang 0.4.4 336.04 NOTE
r-devel-linux-x86_64-fedora-gcc 0.4.4 329.56 NOTE
r-devel-windows-x86_64 0.4.4 88.00 141.00 229.00 NOTE
r-patched-linux-x86_64 0.4.4 80.15 114.80 194.95 NOTE
r-release-linux-x86_64 0.4.4 92.81 112.79 205.60 NOTE
r-release-macos-arm64 0.4.4 86.00 NOTE
r-release-macos-x86_64 0.4.4 116.00 NOTE
r-release-windows-x86_64 0.4.4 91.00 142.00 233.00 NOTE
r-oldrel-macos-arm64 0.4.4 105.00 NOTE
r-oldrel-macos-x86_64 0.4.4 162.00 NOTE
r-oldrel-windows-x86_64 0.4.4 107.00 160.00 267.00 NOTE

Check Details

Version: 0.4.4
Check: C++ specification
Result: NOTE Specified C++11: please drop specification unless essential Flavors: r-devel-linux-x86_64-debian-clang, r-devel-linux-x86_64-debian-gcc, r-devel-linux-x86_64-fedora-clang, r-devel-linux-x86_64-fedora-gcc, r-devel-windows-x86_64, r-patched-linux-x86_64, r-release-linux-x86_64, r-release-macos-arm64, r-release-macos-x86_64, r-release-windows-x86_64, r-oldrel-macos-arm64, r-oldrel-macos-x86_64, r-oldrel-windows-x86_64

Version: 0.4.4
Check: package dependencies
Result: NOTE Packages suggested but not available for checking: 'devtools', 'igraph', 'testthat' Flavor: r-devel-linux-x86_64-debian-gcc

Version: 0.4.4
Check: tests
Result: ERROR Running ‘test-all.R’ [0s/1s] Running the tests in ‘tests/test-all.R’ failed. Complete output: > library(testthat) Error in library(testthat) : there is no package called 'testthat' Execution halted Flavor: r-devel-linux-x86_64-debian-gcc

Version: 0.4.4
Check: installed package size
Result: NOTE installed size is 9.3Mb sub-directories of 1Mb or more: libs 7.6Mb yacas 1.3Mb Flavors: r-release-macos-arm64, r-release-macos-x86_64, r-oldrel-macos-arm64, r-oldrel-macos-x86_64