CRAN Package Check Results for Package SAMUR

Last updated on 2022-01-24 00:47:47 CET.

Flavor Version Tinstall Tcheck Ttotal Status Flags
r-devel-linux-x86_64-debian-clang 0.6 2.01 30.37 32.38 NOTE
r-devel-linux-x86_64-debian-gcc 0.6 1.64 26.55 28.19 NOTE
r-devel-linux-x86_64-fedora-clang 0.6 41.86 NOTE
r-devel-linux-x86_64-fedora-gcc 0.6 30.20 NOTE
r-devel-windows-x86_64-new-UL 0.6 14.00 54.00 68.00 NOTE
r-devel-windows-x86_64-new-TK 0.6 NOTE
r-patched-linux-x86_64 0.6 2.11 30.12 32.23 NOTE
r-release-linux-x86_64 0.6 1.80 29.87 31.67 NOTE
r-release-macos-arm64 0.6 NOTE
r-release-macos-x86_64 0.6 NOTE
r-release-windows-ix86+x86_64 0.6 4.00 38.00 42.00 NOTE
r-oldrel-macos-x86_64 0.6 NOTE
r-oldrel-windows-ix86+x86_64 0.6 5.00 37.00 42.00 NOTE

Check Details

Version: 0.6
Check: R code for possible problems
Result: NOTE
    generate.sample.core: no visible global function definition for
     'predict'
    mdh: no visible global function definition for 'model.frame'
    mdh: no visible binding for global variable 'na.fail'
    mdh: no visible global function definition for '.getXlevels'
    mdh: no visible global function definition for 'quantile'
    mdh: no visible global function definition for 'hist'
    predict.mdh: no visible global function definition for 'model.frame'
    samur: no visible global function definition for 'predict'
    Undefined global functions or variables:
     .getXlevels hist model.frame na.fail predict quantile
    Consider adding
     importFrom("graphics", "hist")
     importFrom("stats", ".getXlevels", "model.frame", "na.fail", "predict",
     "quantile")
    to your NAMESPACE file.
Flavors: r-devel-linux-x86_64-debian-clang, r-devel-linux-x86_64-debian-gcc, r-devel-linux-x86_64-fedora-clang, r-devel-linux-x86_64-fedora-gcc, r-devel-windows-x86_64-new-UL, r-devel-windows-x86_64-new-TK, r-patched-linux-x86_64, r-release-linux-x86_64, r-release-macos-arm64, r-release-macos-x86_64, r-release-windows-ix86+x86_64, r-oldrel-macos-x86_64, r-oldrel-windows-ix86+x86_64