CRAN Package Check Results for Package SAMprior

Last updated on 2024-06-16 00:58:31 CEST.

Flavor Version Tinstall Tcheck Ttotal Status Flags
r-devel-linux-x86_64-debian-clang 1.1.1 31.84 562.04 593.88 OK
r-devel-linux-x86_64-debian-gcc 1.1.1 23.70 386.27 409.97 OK
r-devel-linux-x86_64-fedora-clang 1.1.1 712.65 OK
r-devel-linux-x86_64-fedora-gcc 1.1.1 669.59 OK
r-devel-windows-x86_64 1.1.1 16.00 330.00 346.00 OK
r-patched-linux-x86_64 1.1.1 0.30 2.31 2.61 ERROR
r-release-linux-x86_64 1.1.1 19.75 530.25 550.00 OK
r-release-macos-arm64 1.1.1 151.00 OK
r-release-macos-x86_64 1.1.1 327.00 OK
r-release-windows-x86_64 1.1.1 16.00 345.00 361.00 OK
r-oldrel-macos-arm64 1.1.1 176.00 OK
r-oldrel-macos-x86_64 1.1.1 381.00 OK
r-oldrel-windows-x86_64 1.1.1 21.00 486.00 507.00 OK

Check Details

Version: 1.1.1
Check: package dependencies
Result: ERROR Package required but not available: ‘RBesT’ See section ‘The DESCRIPTION file’ in the ‘Writing R Extensions’ manual. Flavor: r-patched-linux-x86_64