Last updated on 2023-11-29 00:50:32 CET.
Flavor | Version | Tinstall | Tcheck | Ttotal | Status | Flags |
---|---|---|---|---|---|---|
r-devel-linux-x86_64-debian-clang | 1.6.3 | 243.35 | 230.45 | 473.80 | OK | |
r-devel-linux-x86_64-debian-gcc | 1.6.3 | 224.29 | 167.36 | 391.65 | OK | |
r-devel-linux-x86_64-fedora-clang | 1.6.3 | 554.33 | OK | |||
r-devel-linux-x86_64-fedora-gcc | 1.6.3 | 755.38 | OK | |||
r-devel-windows-x86_64 | 1.6.3 | 132.00 | 206.00 | 338.00 | NOTE | |
r-patched-linux-x86_64 | 1.6.3 | 194.24 | 217.75 | 411.99 | OK | |
r-release-linux-x86_64 | 1.6.3 | 176.99 | 220.80 | 397.79 | OK | |
r-release-macos-arm64 | 1.6.3 | 145.00 | NOTE | |||
r-release-macos-x86_64 | 1.6.3 | 478.00 | NOTE | |||
r-release-windows-x86_64 | 1.6.3 | 191.00 | 251.00 | 442.00 | NOTE | |
r-oldrel-macos-arm64 | 1.6.3 | 139.00 | NOTE | |||
r-oldrel-macos-x86_64 | 1.6.1 | 180.00 | NOTE | |||
r-oldrel-windows-x86_64 | 1.6.3 | 172.00 | 235.00 | 407.00 | NOTE |
Version: 1.6.3
Check: installed package size
Result: NOTE
installed size is 15.4Mb
sub-directories of 1Mb or more:
R 1.3Mb
libs 13.5Mb
Flavors: r-devel-windows-x86_64, r-release-macos-arm64, r-release-macos-x86_64, r-release-windows-x86_64, r-oldrel-macos-arm64, r-oldrel-windows-x86_64
Version: 1.6.1
Check: installed package size
Result: NOTE
installed size is 40.8Mb
sub-directories of 1Mb or more:
R 1.3Mb
libs 39.0Mb
Flavor: r-oldrel-macos-x86_64