CRAN Package Check Results for Package SANvi

Last updated on 2024-06-22 00:58:08 CEST.

Flavor Version Tinstall Tcheck Ttotal Status Flags
r-devel-linux-x86_64-debian-clang 0.1.1 170.30 43.58 213.88 OK
r-devel-linux-x86_64-debian-gcc 0.1.1 117.88 32.55 150.43 OK
r-devel-linux-x86_64-fedora-clang 0.1.1 329.66 OK
r-devel-linux-x86_64-fedora-gcc 0.1.1 335.61 OK
r-devel-windows-x86_64 0.1.1 136.00 77.00 213.00 OK
r-patched-linux-x86_64 0.1.1 145.42 42.08 187.50 OK
r-release-linux-x86_64 0.1.1 145.43 43.36 188.79 OK
r-release-macos-arm64 0.1.1 59.00 NOTE
r-release-macos-x86_64 0.1.1 70.00 NOTE
r-release-windows-x86_64 0.1.1 128.00 78.00 206.00 OK
r-oldrel-macos-arm64 0.1.1 62.00 NOTE
r-oldrel-macos-x86_64 0.1.1 71.00 NOTE
r-oldrel-windows-x86_64 0.1.1 165.00 88.00 253.00 OK

Check Details

Version: 0.1.1
Check: installed package size
Result: NOTE installed size is 6.1Mb sub-directories of 1Mb or more: libs 5.6Mb Flavors: r-release-macos-arm64, r-release-macos-x86_64, r-oldrel-macos-arm64, r-oldrel-macos-x86_64