CRAN Package Check Results for Package SAVER

Last updated on 2021-10-26 01:00:05 CEST.

Flavor Version Tinstall Tcheck Ttotal Status Flags
r-devel-linux-x86_64-debian-clang 1.1.2 7.55 42.39 49.94 OK
r-devel-linux-x86_64-debian-gcc 1.1.2 7.13 33.25 40.38 OK
r-devel-linux-x86_64-fedora-clang 1.1.2 73.17 NOTE
r-devel-linux-x86_64-fedora-gcc 1.1.2 60.91 NOTE
r-devel-windows-x86_64 1.1.2 13.00 60.00 73.00 OK
r-devel-windows-x86_64-gcc10-UCRT 1.1.2 NOTE
r-patched-linux-x86_64 1.1.2 8.42 40.95 49.37 OK
r-patched-solaris-x86 1.1.2 94.20 NOTE
r-release-linux-x86_64 1.1.2 7.99 41.00 48.99 OK
r-release-macos-arm64 1.1.2 NOTE
r-release-macos-x86_64 1.1.2 NOTE
r-release-windows-ix86+x86_64 1.1.2 10.00 62.00 72.00 OK
r-oldrel-macos-x86_64 1.1.2 NOTE
r-oldrel-windows-ix86+x86_64 1.1.2 13.00 63.00 76.00 OK

Check Details

Version: 1.1.2
Check: dependencies in R code
Result: NOTE
    Namespace in Imports field not imported from: ‘methods’
     All declared Imports should be used.
Flavors: r-devel-linux-x86_64-fedora-clang, r-devel-linux-x86_64-fedora-gcc, r-devel-windows-x86_64-gcc10-UCRT, r-patched-solaris-x86, r-release-macos-arm64, r-release-macos-x86_64, r-oldrel-macos-x86_64