CRAN Package Check Results for Package SDEFSR

Last updated on 2024-07-21 00:56:29 CEST.

Flavor Version Tinstall Tcheck Ttotal Status Flags
r-devel-linux-x86_64-debian-clang 0.7.22 11.62 88.17 99.79 NOTE
r-devel-linux-x86_64-debian-gcc 0.7.22 7.69 63.17 70.86 NOTE
r-devel-linux-x86_64-fedora-clang 0.7.22 121.62 NOTE
r-devel-linux-x86_64-fedora-gcc 0.7.22 150.65 NOTE
r-devel-windows-x86_64 0.7.22 12.00 92.00 104.00 NOTE
r-patched-linux-x86_64 0.7.22 11.80 82.45 94.25 NOTE
r-release-linux-x86_64 0.7.22 8.95 81.36 90.31 NOTE
r-release-macos-arm64 0.7.22 50.00 NOTE
r-release-macos-x86_64 0.7.22 70.00 NOTE
r-release-windows-x86_64 0.7.22 10.00 92.00 102.00 NOTE
r-oldrel-macos-arm64 0.7.22 48.00 NOTE
r-oldrel-macos-x86_64 0.7.22 76.00 NOTE
r-oldrel-windows-x86_64 0.7.22 13.00 100.00 113.00 NOTE

Check Details

Version: 0.7.22
Check: package subdirectories
Result: NOTE Problems with news in ‘NEWS.md’: No news entries found. Flavors: r-devel-linux-x86_64-debian-clang, r-devel-linux-x86_64-debian-gcc, r-devel-linux-x86_64-fedora-clang, r-devel-linux-x86_64-fedora-gcc, r-devel-windows-x86_64, r-patched-linux-x86_64, r-release-linux-x86_64, r-release-macos-arm64, r-release-macos-x86_64, r-release-windows-x86_64, r-oldrel-macos-arm64, r-oldrel-macos-x86_64, r-oldrel-windows-x86_64