CRAN Package Check Results for Package SECP

Last updated on 2021-12-08 00:49:31 CET.

Flavor Version Tinstall Tcheck Ttotal Status Flags
r-devel-linux-x86_64-debian-clang 0.1-4 2.20 34.51 36.71 NOTE
r-devel-linux-x86_64-debian-gcc 0.1-4 1.69 26.70 28.39 NOTE
r-devel-linux-x86_64-fedora-clang 0.1-4 46.00 NOTE
r-devel-linux-x86_64-fedora-gcc 0.1-4 34.65 NOTE
r-devel-windows-x86_64-new-UL 0.1-4 6.00 63.00 69.00 NOTE
r-devel-windows-x86_64-new-TK 0.1-4 NOTE
r-devel-windows-x86_64-old 0.1-4 4.00 46.00 50.00 NOTE
r-patched-linux-x86_64 0.1-4 2.23 32.55 34.78 NOTE
r-release-linux-x86_64 0.1-4 2.16 32.84 35.00 NOTE
r-release-macos-arm64 0.1-4 NOTE
r-release-macos-x86_64 0.1-4 NOTE
r-release-windows-ix86+x86_64 0.1-4 4.00 45.00 49.00 NOTE
r-oldrel-macos-x86_64 0.1-4 NOTE
r-oldrel-windows-ix86+x86_64 0.1-4 5.00 44.00 49.00 NOTE

Check Details

Version: 0.1-4
Check: DESCRIPTION meta-information
Result: NOTE
    Malformed Description field: should contain one or more complete sentences.
Flavors: r-devel-linux-x86_64-debian-clang, r-devel-linux-x86_64-debian-gcc, r-devel-linux-x86_64-fedora-clang, r-devel-linux-x86_64-fedora-gcc, r-devel-windows-x86_64-new-UL, r-devel-windows-x86_64-new-TK, r-devel-windows-x86_64-old, r-patched-linux-x86_64, r-release-linux-x86_64, r-release-macos-arm64, r-release-macos-x86_64, r-release-windows-ix86+x86_64, r-oldrel-macos-x86_64, r-oldrel-windows-ix86+x86_64

Version: 0.1-4
Check: R code for possible problems
Result: NOTE
    fdc2s: no visible global function definition for 'lm'
    fdc3s: no visible global function definition for 'lm'
    fds2s: no visible global function definition for 'lm'
    fds3s: no visible global function definition for 'lm'
    Undefined global functions or variables:
     lm
    Consider adding
     importFrom("stats", "lm")
    to your NAMESPACE file.
Flavors: r-devel-linux-x86_64-debian-clang, r-devel-linux-x86_64-debian-gcc, r-devel-linux-x86_64-fedora-clang, r-devel-linux-x86_64-fedora-gcc, r-devel-windows-x86_64-new-UL, r-devel-windows-x86_64-new-TK, r-devel-windows-x86_64-old, r-patched-linux-x86_64, r-release-linux-x86_64, r-release-macos-arm64, r-release-macos-x86_64, r-release-windows-ix86+x86_64, r-oldrel-macos-x86_64, r-oldrel-windows-ix86+x86_64