CRAN Package Check Results for Package SEL

Last updated on 2021-10-28 00:48:59 CEST.

Flavor Version Tinstall Tcheck Ttotal Status Flags
r-devel-linux-x86_64-debian-clang 1.0-2 2.80 29.19 31.99 NOTE
r-devel-linux-x86_64-debian-gcc 1.0-2 2.38 23.06 25.44 NOTE
r-devel-linux-x86_64-fedora-clang 1.0-2 51.02 NOTE
r-devel-linux-x86_64-fedora-gcc 1.0-2 39.43 NOTE
r-devel-windows-x86_64 1.0-2 6.00 50.00 56.00 NOTE
r-devel-windows-x86_64-gcc10-UCRT 1.0-2 NOTE
r-patched-linux-x86_64 1.0-2 2.87 28.26 31.13 NOTE
r-patched-solaris-x86 1.0-2 61.00 NOTE
r-release-linux-x86_64 1.0-2 2.91 28.56 31.47 NOTE
r-release-macos-arm64 1.0-2 NOTE
r-release-macos-x86_64 1.0-2 NOTE
r-release-windows-ix86+x86_64 1.0-2 7.00 61.00 68.00 NOTE
r-oldrel-macos-x86_64 1.0-2 NOTE
r-oldrel-windows-ix86+x86_64 1.0-2 7.00 59.00 66.00 NOTE

Check Details

Version: 1.0-2
Check: R code for possible problems
Result: NOTE
    predict.SEL: warning in splineDesign(newdata, knots = knts, ord =
     object$nord, deriv = rep(deriv, length(newdata)), outer.ok = TRUE):
     partial argument match of 'deriv' to 'derivs'
    getbinPost: no visible binding for global variable 'dbeta'
    getbinPost: no visible binding for global variable 'pbeta'
    getbinPost : fu: no visible global function definition for 'dbinom'
    getbinPost : fu: no visible global function definition for 'predict'
    getbinPost: no visible global function definition for 'integrate'
    getbinPost: no visible global function definition for 'splinefun'
    int.funct: no visible global function definition for 'integrate'
    int.funct2: no visible global function definition for 'integrate'
    min.abs: no visible global function definition for 'uniroot'
    print.SEL: no visible global function definition for 'integrate'
    print.summary.SEL : foo1: no visible global function definition for
     'predict'
    print.summary.SEL : foo2: no visible global function definition for
     'predict'
    print.summary.SEL: no visible global function definition for
     'integrate'
    quantSEL: no visible global function definition for 'predict'
    quantSEL: no visible global function definition for 'splinefun'
    rvSEL: no visible global function definition for 'runif'
    Undefined global functions or variables:
     dbeta dbinom integrate pbeta predict runif splinefun uniroot
    Consider adding
     importFrom("stats", "dbeta", "dbinom", "integrate", "pbeta", "predict",
     "runif", "splinefun", "uniroot")
    to your NAMESPACE file.
Flavors: r-devel-linux-x86_64-debian-clang, r-devel-linux-x86_64-debian-gcc, r-devel-linux-x86_64-fedora-clang, r-devel-linux-x86_64-fedora-gcc, r-devel-windows-x86_64, r-devel-windows-x86_64-gcc10-UCRT, r-patched-linux-x86_64, r-patched-solaris-x86, r-release-linux-x86_64, r-release-macos-arm64, r-release-macos-x86_64, r-release-windows-ix86+x86_64, r-oldrel-macos-x86_64, r-oldrel-windows-ix86+x86_64

Version: 1.0-2
Check: compiled code
Result: NOTE
    File ‘SEL/libs/SEL.so’:
     Found no calls to: ‘R_registerRoutines’, ‘R_useDynamicSymbols’
    
    It is good practice to register native routines and to disable symbol
    search.
    
    See ‘Writing portable packages’ in the ‘Writing R Extensions’ manual.
Flavors: r-devel-linux-x86_64-fedora-clang, r-devel-linux-x86_64-fedora-gcc