CRAN Package Check Results for Package SEMgraph

Last updated on 2024-07-23 00:54:38 CEST.

Flavor Version Tinstall Tcheck Ttotal Status Flags
r-devel-linux-x86_64-debian-clang 1.2.1 16.51 144.26 160.77 OK
r-devel-linux-x86_64-debian-gcc 1.2.1 12.88 106.63 119.51 NOTE
r-devel-linux-x86_64-fedora-clang 1.2.2 121.60 OK
r-devel-linux-x86_64-fedora-gcc 1.2.2 184.92 OK
r-devel-windows-x86_64 1.2.1 15.00 128.00 143.00 NOTE
r-patched-linux-x86_64 1.2.1 21.62 135.74 157.36 OK
r-release-linux-x86_64 1.2.1 18.85 138.66 157.51 OK
r-release-macos-arm64 1.2.2 56.00 OK
r-release-macos-x86_64 1.2.2 160.00 OK
r-release-windows-x86_64 1.2.1 15.00 124.00 139.00 OK
r-oldrel-macos-arm64 1.2.2 58.00 OK
r-oldrel-macos-x86_64 1.2.2 112.00 OK
r-oldrel-windows-x86_64 1.2.1 19.00 153.00 172.00 OK

Check Details

Version: 1.2.1
Check: Rd cross-references
Result: NOTE Found the following Rd file(s) with Rd \link{} targets missing package anchors: clusterGraph.Rd: igraph cplot.Rd: igraph Please provide package anchors for all Rd \link{} targets not in the package itself and the base packages. Flavors: r-devel-linux-x86_64-debian-gcc, r-devel-windows-x86_64