CRAN Package Check Results for Package SFS

Last updated on 2024-06-25 00:58:15 CEST.

Flavor Version Tinstall Tcheck Ttotal Status Flags
r-devel-linux-x86_64-debian-clang 0.1.4 47.39 28.95 76.34 NOTE
r-devel-linux-x86_64-debian-gcc 0.1.4 34.76 23.68 58.44 NOTE
r-devel-linux-x86_64-fedora-clang 0.1.4 117.30 NOTE
r-devel-linux-x86_64-fedora-gcc 0.1.4 121.80 NOTE
r-devel-windows-x86_64 0.1.4 41.00 62.00 103.00 NOTE
r-patched-linux-x86_64 0.1.4 47.74 29.18 76.92 NOTE
r-release-linux-x86_64 0.1.4 46.51 28.90 75.41 NOTE
r-release-macos-arm64 0.1.4 29.00 NOTE
r-release-macos-x86_64 0.1.4 49.00 NOTE
r-release-windows-x86_64 0.1.4 40.00 66.00 106.00 NOTE
r-oldrel-macos-arm64 0.1.4 37.00 NOTE
r-oldrel-macos-x86_64 0.1.4 55.00 NOTE
r-oldrel-windows-x86_64 0.1.4 49.00 74.00 123.00 NOTE

Check Details

Version: 0.1.4
Check: C++ specification
Result: NOTE Specified C++11: please drop specification unless essential Flavors: r-devel-linux-x86_64-debian-clang, r-devel-linux-x86_64-debian-gcc, r-devel-linux-x86_64-fedora-clang, r-devel-linux-x86_64-fedora-gcc, r-devel-windows-x86_64, r-patched-linux-x86_64, r-release-linux-x86_64, r-release-macos-arm64, r-release-macos-x86_64, r-release-windows-x86_64, r-oldrel-macos-arm64, r-oldrel-macos-x86_64, r-oldrel-windows-x86_64