CRAN Package Check Results for Package SGDinference

Last updated on 2024-06-13 00:55:32 CEST.

Flavor Version Tinstall Tcheck Ttotal Status Flags
r-devel-linux-x86_64-debian-clang 0.1.0 94.15 52.66 146.81 OK
r-devel-linux-x86_64-debian-gcc 0.1.0 57.98 39.13 97.11 NOTE
r-devel-linux-x86_64-fedora-clang 0.1.0 213.87 OK
r-devel-linux-x86_64-fedora-gcc 0.1.0 216.81 OK
r-devel-windows-x86_64 0.1.0 67.00 78.00 145.00 OK
r-patched-linux-x86_64 0.1.0 70.93 51.28 122.21 OK
r-release-linux-x86_64 0.1.0 72.36 51.27 123.63 OK
r-release-macos-arm64 0.1.0 49.00 OK
r-release-macos-x86_64 0.1.0 60.00 OK
r-release-windows-x86_64 0.1.0 66.00 85.00 151.00 OK
r-oldrel-macos-arm64 0.1.0 55.00 OK
r-oldrel-macos-x86_64 0.1.0 159.00 OK
r-oldrel-windows-x86_64 0.1.0 82.00 94.00 176.00 OK

Check Details

Version: 0.1.0
Check: package dependencies
Result: NOTE Package suggested but not available for checking: ‘testthat’ Flavor: r-devel-linux-x86_64-debian-gcc