Last updated on 2023-09-26 01:06:34 CEST.
Flavor | Version | Tinstall | Tcheck | Ttotal | Status | Flags |
---|---|---|---|---|---|---|
r-devel-linux-x86_64-debian-clang | 2.0-0.0 | 62.38 | 336.24 | 398.62 | OK | |
r-devel-linux-x86_64-debian-gcc | 2.0-0.0 | 53.00 | 250.94 | 303.94 | OK | |
r-devel-linux-x86_64-fedora-clang | 2.0-0.0 | 482.39 | NOTE | |||
r-devel-linux-x86_64-fedora-gcc | 2.0-0.0 | 519.52 | OK | |||
r-devel-windows-x86_64 | 2.0-0.0 | 54.00 | 225.00 | 279.00 | NOTE | |
r-patched-linux-x86_64 | 2.0-0.0 | 68.76 | 322.86 | 391.62 | OK | |
r-release-linux-x86_64 | 2.0-0.0 | 49.78 | 323.62 | 373.40 | OK | |
r-release-macos-arm64 | 2.0-0.0 | 131.00 | NOTE | |||
r-release-macos-x86_64 | 2.0-0.0 | 262.00 | NOTE | |||
r-release-windows-x86_64 | 2.0-0.0 | 77.00 | 286.00 | 363.00 | NOTE | |
r-oldrel-macos-arm64 | 2.0-0.0 | 106.00 | NOTE | |||
r-oldrel-macos-x86_64 | 2.0-0.0 | 144.00 | NOTE | |||
r-oldrel-windows-x86_64 | 2.0-0.0 | 74.00 | 268.00 | 342.00 | NOTE |
Version: 2.0-0.0
Check: package dependencies
Result: NOTE
Imports includes 22 non-default packages.
Importing from so many packages makes the package vulnerable to any of
them becoming unavailable. Move as many as possible to Suggests and
use conditionally.
Flavor: r-devel-linux-x86_64-fedora-clang
Version: 2.0-0.0
Check: installed package size
Result: NOTE
installed size is 7.4Mb
sub-directories of 1Mb or more:
R 1.3Mb
doc 5.0Mb
Flavors: r-devel-linux-x86_64-fedora-clang, r-devel-windows-x86_64, r-release-macos-arm64, r-release-macos-x86_64, r-release-windows-x86_64, r-oldrel-macos-arm64, r-oldrel-macos-x86_64, r-oldrel-windows-x86_64