CRAN Package Check Results for Package SHT

Last updated on 2024-06-18 00:57:38 CEST.

Flavor Version Tinstall Tcheck Ttotal Status Flags
r-devel-linux-x86_64-debian-clang 0.1.8 166.53 115.76 282.29 NOTE
r-devel-linux-x86_64-debian-gcc 0.1.8 105.48 85.78 191.26 NOTE
r-devel-linux-x86_64-fedora-clang 0.1.8 422.32 NOTE
r-devel-linux-x86_64-fedora-gcc 0.1.8 379.98 NOTE
r-devel-windows-x86_64 0.1.8 123.00 125.00 248.00 NOTE
r-patched-linux-x86_64 0.1.8 129.47 112.39 241.86 NOTE
r-release-linux-x86_64 0.1.8 135.13 111.19 246.32 NOTE
r-release-macos-arm64 0.1.8 75.00 NOTE
r-release-macos-x86_64 0.1.8 94.00 NOTE
r-release-windows-x86_64 0.1.8 125.00 132.00 257.00 NOTE
r-oldrel-macos-arm64 0.1.8 94.00 NOTE
r-oldrel-macos-x86_64 0.1.8 150.00 NOTE
r-oldrel-windows-x86_64 0.1.8 153.00 165.00 318.00 NOTE

Check Details

Version: 0.1.8
Check: C++ specification
Result: NOTE Specified C++11: please drop specification unless essential Flavors: r-devel-linux-x86_64-debian-clang, r-devel-linux-x86_64-debian-gcc, r-devel-linux-x86_64-fedora-clang, r-devel-linux-x86_64-fedora-gcc, r-devel-windows-x86_64, r-patched-linux-x86_64, r-release-linux-x86_64, r-release-macos-arm64, r-release-macos-x86_64, r-release-windows-x86_64, r-oldrel-macos-arm64, r-oldrel-macos-x86_64, r-oldrel-windows-x86_64