Last updated on 2023-12-09 00:52:53 CET.
Flavor | Version | Tinstall | Tcheck | Ttotal | Status | Flags |
---|---|---|---|---|---|---|
r-devel-linux-x86_64-debian-clang | 0.1.0 | 25.02 | 160.90 | 185.92 | OK | |
r-devel-linux-x86_64-debian-gcc | 0.1.0 | 17.19 | 116.35 | 133.54 | OK | |
r-devel-linux-x86_64-fedora-clang | 0.1.0 | 226.92 | NOTE | |||
r-devel-linux-x86_64-fedora-gcc | 0.1.0 | 211.57 | OK | |||
r-devel-windows-x86_64 | 0.1.0 | 21.00 | 123.00 | 144.00 | OK | |
r-patched-linux-x86_64 | 0.1.0 | 20.71 | 151.66 | 172.37 | OK | |
r-release-linux-x86_64 | 0.1.0 | 17.94 | 148.39 | 166.33 | OK | |
r-release-macos-arm64 | 0.1.0 | 66.00 | OK | |||
r-release-macos-x86_64 | 0.1.0 | 111.00 | OK | |||
r-release-windows-x86_64 | 0.1.0 | 27.00 | 152.00 | 179.00 | OK | |
r-oldrel-macos-arm64 | 0.1.0 | 66.00 | OK | |||
r-oldrel-macos-x86_64 | 0.1.0 | 85.00 | OK | |||
r-oldrel-windows-x86_64 | 0.1.0 | 27.00 | 156.00 | 183.00 | OK |
Version: 0.1.0
Check: package dependencies
Result: NOTE
Imports includes 22 non-default packages.
Importing from so many packages makes the package vulnerable to any of
them becoming unavailable. Move as many as possible to Suggests and
use conditionally.
Flavor: r-devel-linux-x86_64-fedora-clang